CRAN Package Check Results for Package praatpicture

Last updated on 2025-01-12 23:49:34 CET.

Flavor Version Tinstall Tcheck Ttotal Status Flags
r-devel-linux-x86_64-debian-clang 1.3.0 4.12 35.14 39.26 OK
r-devel-linux-x86_64-debian-gcc 1.3.0 2.64 24.76 27.40 OK
r-devel-linux-x86_64-fedora-clang 1.3.0 65.75 NOTE
r-devel-linux-x86_64-fedora-gcc 1.3.0 60.68 NOTE
r-devel-windows-x86_64 1.3.0 7.00 60.00 67.00 OK
r-patched-linux-x86_64 1.3.0 5.33 33.07 38.40 OK
r-release-linux-x86_64 1.3.0 3.89 33.16 37.05 OK
r-release-macos-arm64 1.3.0 22.00 OK
r-release-macos-x86_64 1.3.0 39.00 OK
r-release-windows-x86_64 1.3.0 6.00 59.00 65.00 OK
r-oldrel-macos-arm64 1.3.0 34.00 OK
r-oldrel-macos-x86_64 1.3.0 41.00 OK
r-oldrel-windows-x86_64 1.3.0 7.00 69.00 76.00 OK

Check Details

Version: 1.3.0
Check: dependencies in R code
Result: NOTE Namespaces in Imports field not imported from: ‘bslib’ ‘shinyjs’ All declared Imports should be used. Flavors: r-devel-linux-x86_64-fedora-clang, r-devel-linux-x86_64-fedora-gcc