CRAN Package Check Results for Package ppseq

Last updated on 2024-06-05 00:48:55 CEST.

Flavor Version Tinstall Tcheck Ttotal Status Flags
r-devel-linux-x86_64-debian-clang 0.2.4 10.28 573.58 583.86 OK
r-devel-linux-x86_64-debian-gcc 0.2.4 7.07 393.79 400.86 OK
r-devel-linux-x86_64-fedora-clang 0.2.4 668.08 NOTE
r-devel-linux-x86_64-fedora-gcc 0.2.4 655.16 OK
r-devel-windows-x86_64 0.2.4 10.00 432.00 442.00 NOTE
r-patched-linux-x86_64 0.2.4 10.89 526.80 537.69 OK
r-release-linux-x86_64 0.2.4 6.81 530.07 536.88 OK
r-release-macos-arm64 0.2.4 190.00 NOTE
r-release-macos-x86_64 0.2.4 544.00 NOTE
r-release-windows-x86_64 0.2.4 9.00 438.00 447.00 NOTE
r-oldrel-macos-arm64 0.2.4 192.00 NOTE
r-oldrel-macos-x86_64 0.2.4 487.00 NOTE
r-oldrel-windows-x86_64 0.2.4 11.00 523.00 534.00 NOTE

Check Details

Version: 0.2.4
Check: installed package size
Result: NOTE installed size is 11.0Mb sub-directories of 1Mb or more: doc 10.5Mb Flavors: r-devel-linux-x86_64-fedora-clang, r-devel-windows-x86_64, r-release-macos-arm64, r-release-macos-x86_64, r-release-windows-x86_64, r-oldrel-macos-arm64, r-oldrel-macos-x86_64, r-oldrel-windows-x86_64