CRAN Package Check Results for Package ppmSuite

Last updated on 2024-04-18 16:50:04 CEST.

Flavor Version Tinstall Tcheck Ttotal Status Flags
r-devel-linux-x86_64-debian-clang 0.3.4 23.97 72.71 96.68 NOTE
r-devel-linux-x86_64-debian-gcc 0.3.4 27.16 53.21 80.37 NOTE
r-devel-linux-x86_64-fedora-clang 0.3.4 120.11 NOTE
r-devel-linux-x86_64-fedora-gcc 0.3.4 125.58 NOTE
r-prerel-macos-arm64 0.3.4 39.00 NOTE
r-prerel-windows-x86_64 0.3.4 31.00 76.00 107.00 NOTE
r-patched-linux-x86_64 0.3.4 31.00 67.52 98.52 NOTE
r-release-linux-x86_64 0.3.4 25.70 70.91 96.61 OK
r-release-macos-arm64 0.3.4 39.00 OK
r-release-macos-x86_64 0.3.4 81.00 OK
r-release-windows-x86_64 0.3.4 36.00 87.00 123.00 OK
r-oldrel-macos-arm64 0.3.4 42.00 OK
r-oldrel-windows-x86_64 0.3.4 37.00 91.00 128.00 OK

Check Details

Version: 0.3.4
Check: Rd files
Result: NOTE checkRd: (-1) ccp_ppm.Rd:26: Lost braces; missing escapes or markup? 26 | \item{model}{Determines of model fit is such that there are p_{it}s (model=1) or | ^ checkRd: (-1) curve_ppmx.Rd:145: Lost braces; missing escapes or markup? 145 | \item sig2 - a matrix of dimension (T, N) containing MCMC iterates associated with each subjects variance parameter (sigma2*_{c_i}) | ^ checkRd: (-1) gaussian_ppmx.Rd:143: Lost braces; missing escapes or markup? 143 | \item mu - a matrix of dimension (T, N) containing MCMC iterates associated with each subjects mean parameter (mu*_{c_i}). | ^ checkRd: (-1) gaussian_ppmx.Rd:145: Lost braces; missing escapes or markup? 145 | \item sig2 - a matrix of dimension (T, N) containing MCMC iterates associated with each subjects variance parameter (sigma2*_{c_i}) | ^ checkRd: (-1) ordinal_ppmx.Rd:145: Lost braces; missing escapes or markup? 145 | \item mu - a matrix of dimension (T, N) containing MCMC iterates associated with each subjects mean parameter (mu*_{c_i}). | ^ checkRd: (-1) ordinal_ppmx.Rd:147: Lost braces; missing escapes or markup? 147 | \item sig2 - a matrix of dimension (T, N) containing MCMC iterates associated with each sujbects variance parameter (sigma2*_{c_i}) | ^ Flavors: r-devel-linux-x86_64-debian-clang, r-devel-linux-x86_64-debian-gcc, r-devel-linux-x86_64-fedora-clang, r-devel-linux-x86_64-fedora-gcc, r-prerel-macos-arm64, r-prerel-windows-x86_64, r-patched-linux-x86_64