CRAN Package Check Results for Package pgraph

Last updated on 2024-06-23 08:51:17 CEST.

Flavor Version Tinstall Tcheck Ttotal Status Flags
r-devel-linux-x86_64-debian-clang 1.6 9.13 75.63 84.76 NOTE
r-devel-linux-x86_64-debian-gcc 1.6 7.01 54.98 61.99 NOTE
r-devel-linux-x86_64-fedora-clang 1.6 102.24 NOTE
r-devel-linux-x86_64-fedora-gcc 1.6 95.81 NOTE
r-devel-windows-x86_64 1.6 8.00 68.00 76.00 NOTE
r-patched-linux-x86_64 1.6 7.77 71.82 79.59 NOTE
r-release-linux-x86_64 1.6 7.35 70.05 77.40 NOTE
r-release-macos-arm64 1.6 32.00 NOTE
r-release-macos-x86_64 1.6 47.00 NOTE
r-release-windows-x86_64 1.6 8.00 70.00 78.00 NOTE
r-oldrel-macos-arm64 1.6 34.00 NOTE
r-oldrel-macos-x86_64 1.6 57.00 NOTE
r-oldrel-windows-x86_64 1.6 10.00 82.00 92.00 NOTE

Check Details

Version: 1.6
Check: LazyData
Result: NOTE 'LazyData' is specified without a 'data' directory Flavors: r-devel-linux-x86_64-debian-clang, r-devel-linux-x86_64-debian-gcc, r-devel-linux-x86_64-fedora-clang, r-devel-linux-x86_64-fedora-gcc, r-devel-windows-x86_64, r-patched-linux-x86_64, r-release-linux-x86_64, r-release-macos-arm64, r-release-macos-x86_64, r-release-windows-x86_64, r-oldrel-macos-arm64, r-oldrel-macos-x86_64, r-oldrel-windows-x86_64