Last updated on 2025-01-20 09:49:15 CET.
Flavor | Version | Tinstall | Tcheck | Ttotal | Status | Flags |
---|---|---|---|---|---|---|
r-devel-linux-x86_64-debian-clang | 0.4.0 | 39.69 | 27.75 | 67.44 | OK | |
r-devel-linux-x86_64-debian-gcc | 0.4.0 | 31.49 | 21.98 | 53.47 | OK | |
r-devel-linux-x86_64-fedora-clang | 0.4.0 | 139.30 | OK | |||
r-devel-linux-x86_64-fedora-gcc | 0.4.0 | 139.13 | OK | |||
r-devel-windows-x86_64 | 0.4.0 | 73.00 | 87.00 | 160.00 | OK | |
r-patched-linux-x86_64 | 0.4.0 | 43.67 | 25.39 | 69.06 | OK | |
r-release-linux-x86_64 | 0.4.0 | 43.40 | 25.01 | 68.41 | OK | |
r-release-macos-arm64 | 0.4.0 | 45.00 | NOTE | |||
r-release-macos-x86_64 | 0.4.0 | 64.00 | NOTE | |||
r-release-windows-x86_64 | 0.4.0 | 78.00 | 75.00 | 153.00 | NOTE | |
r-oldrel-macos-arm64 | 0.4.0 | 49.00 | NOTE | |||
r-oldrel-macos-x86_64 | 0.4.0 | 63.00 | NOTE | |||
r-oldrel-windows-x86_64 | 0.4.0 | 86.00 | 86.00 | 172.00 | NOTE |
Version: 0.4.0
Check: installed package size
Result: NOTE
installed size is 17.3Mb
sub-directories of 1Mb or more:
include 13.0Mb
libs 4.1Mb
Flavors: r-release-macos-arm64, r-release-macos-x86_64, r-release-windows-x86_64, r-oldrel-macos-arm64, r-oldrel-macos-x86_64, r-oldrel-windows-x86_64