CRAN Package Check Results for Package pcdpca

Last updated on 2024-07-25 16:46:20 CEST.

Flavor Version Tinstall Tcheck Ttotal Status Flags
r-devel-linux-x86_64-debian-clang 0.4 2.22 29.58 31.80 NOTE
r-devel-linux-x86_64-debian-gcc 0.4 1.46 23.12 24.58 NOTE
r-devel-linux-x86_64-fedora-clang 0.4 40.41 NOTE
r-devel-linux-x86_64-fedora-gcc 0.4 38.57 NOTE
r-devel-windows-x86_64 0.4 3.00 45.00 48.00 NOTE
r-patched-linux-x86_64 0.4 NOTE
r-release-linux-x86_64 0.4 1.46 28.36 29.82 NOTE
r-release-macos-arm64 0.4 16.00 NOTE
r-release-macos-x86_64 0.4 24.00 NOTE
r-release-windows-x86_64 0.4 3.00 44.00 47.00 NOTE
r-oldrel-macos-arm64 0.4 21.00 NOTE
r-oldrel-macos-x86_64 0.4 23.00 NOTE
r-oldrel-windows-x86_64 0.4 4.00 49.00 53.00 NOTE

Check Details

Version: 0.4
Check: LazyData
Result: NOTE 'LazyData' is specified without a 'data' directory Flavors: r-devel-linux-x86_64-debian-clang, r-devel-linux-x86_64-debian-gcc, r-devel-linux-x86_64-fedora-clang, r-devel-linux-x86_64-fedora-gcc, r-devel-windows-x86_64, r-patched-linux-x86_64, r-release-linux-x86_64, r-release-macos-arm64, r-release-macos-x86_64, r-release-windows-x86_64, r-oldrel-macos-arm64, r-oldrel-macos-x86_64, r-oldrel-windows-x86_64

Version: 0.4
Check: Rd cross-references
Result: NOTE Found the following Rd file(s) with Rd \link{} targets missing package anchors: pcdpca.Rd: spectral.density Please provide package anchors for all Rd \link{} targets not in the package itself and the base packages. Flavors: r-devel-linux-x86_64-debian-gcc, r-devel-windows-x86_64

Version: 0.4
Check: dependencies in R code
Result: NOTE Namespace in Imports field not imported from: ‘fda’ All declared Imports should be used. Flavors: r-devel-linux-x86_64-fedora-clang, r-devel-linux-x86_64-fedora-gcc