CRAN Package Check Results for Package otsfeatures

Last updated on 2024-04-15 02:53:23 CEST.

Flavor Version Tinstall Tcheck Ttotal Status Flags
r-devel-linux-x86_64-debian-clang 1.0.0 5.85 38.51 44.36 OK
r-devel-linux-x86_64-debian-gcc 1.0.0 4.48 29.58 34.06 OK
r-devel-linux-x86_64-fedora-clang 1.0.0 55.42 NOTE
r-devel-linux-x86_64-fedora-gcc 1.0.0 55.44 NOTE
r-devel-windows-x86_64 1.0.0 7.00 55.00 62.00 OK
r-patched-linux-x86_64 1.0.0 7.25 37.98 45.23 OK
r-release-linux-x86_64 1.0.0 5.22 38.33 43.55 OK
r-release-macos-arm64 1.0.0 25.00 OK
r-release-macos-x86_64 1.0.0 30.00 OK
r-release-windows-x86_64 1.0.0 9.00 59.00 68.00 OK
r-oldrel-macos-arm64 1.0.0 22.00 OK
r-oldrel-windows-x86_64 1.0.0 8.00 55.00 63.00 OK

Check Details

Version: 1.0.0
Check: dependencies in R code
Result: NOTE Namespaces in Imports field not imported from: ‘Rdpack’ ‘astsa’ All declared Imports should be used. Flavors: r-devel-linux-x86_64-fedora-clang, r-devel-linux-x86_64-fedora-gcc