CRAN Package Check Results for Package otinference

Last updated on 2024-06-05 00:48:54 CEST.

Flavor Version Tinstall Tcheck Ttotal Status Flags
r-devel-linux-x86_64-debian-clang 0.1.0 1.39 21.92 23.31 NOTE
r-devel-linux-x86_64-debian-gcc 0.1.0 1.79 16.83 18.62 OK
r-devel-linux-x86_64-fedora-clang 0.1.0 32.36 NOTE
r-devel-linux-x86_64-fedora-gcc 0.1.0 30.33 NOTE
r-devel-windows-x86_64 0.1.0 3.00 39.00 42.00 NOTE
r-patched-linux-x86_64 0.1.0 2.44 21.01 23.45 NOTE
r-release-linux-x86_64 0.1.0 1.91 20.43 22.34 NOTE
r-release-macos-arm64 0.1.0 13.00 NOTE
r-release-windows-x86_64 0.1.0 3.00 38.00 41.00 NOTE
r-oldrel-macos-arm64 0.1.0 17.00 NOTE
r-oldrel-macos-x86_64 0.1.0 18.00 NOTE
r-oldrel-windows-x86_64 0.1.0 3.00 39.00 42.00 NOTE

Check Details

Version: 0.1.0
Check: package dependencies
Result: NOTE Package suggested but not available for checking: ‘Rcplex’ Flavors: r-devel-linux-x86_64-debian-clang, r-devel-linux-x86_64-fedora-clang, r-devel-linux-x86_64-fedora-gcc, r-devel-windows-x86_64, r-patched-linux-x86_64, r-release-linux-x86_64, r-release-macos-arm64, r-release-windows-x86_64, r-oldrel-macos-arm64, r-oldrel-macos-x86_64, r-oldrel-windows-x86_64