CRAN Package Check Results for Package oro.pet

Last updated on 2024-07-24 08:56:55 CEST.

Flavor Version Tinstall Tcheck Ttotal Status Flags
r-devel-linux-x86_64-debian-clang 0.2.7 10.09 94.47 104.56 NOTE
r-devel-linux-x86_64-debian-gcc 0.2.7 8.38 69.69 78.07 NOTE
r-devel-linux-x86_64-fedora-clang 0.2.7 129.23 NOTE
r-devel-linux-x86_64-fedora-gcc 0.2.7 120.66 NOTE
r-devel-windows-x86_64 0.2.7 10.00 80.00 90.00 NOTE
r-patched-linux-x86_64 0.2.7 9.88 89.61 99.49 NOTE
r-release-linux-x86_64 0.2.7 9.83 88.17 98.00 NOTE
r-release-macos-arm64 0.2.7 38.00 NOTE
r-release-macos-x86_64 0.2.7 58.00 NOTE
r-release-windows-x86_64 0.2.7 9.00 78.00 87.00 NOTE
r-oldrel-macos-arm64 0.2.7 38.00 OK
r-oldrel-macos-x86_64 0.2.7 65.00 OK
r-oldrel-windows-x86_64 0.2.7 12.00 96.00 108.00 OK

Check Details

Version: 0.2.7
Check: Rd files
Result: NOTE checkRd: (-1) hillEquation.Rd:29: Lost braces in \itemize; \value handles \item{}{} directly checkRd: (-1) hillEquation.Rd:30: Lost braces in \itemize; \value handles \item{}{} directly checkRd: (-1) hillEquation.Rd:30-31: Lost braces in \itemize; \value handles \item{}{} directly checkRd: (-1) hillEquation.Rd:31: Lost braces in \itemize; \value handles \item{}{} directly checkRd: (-1) hillEquation.Rd:32: Lost braces in \itemize; \value handles \item{}{} directly checkRd: (-1) hillEquation.Rd:33: Lost braces in \itemize; \value handles \item{}{} directly checkRd: (-1) hillEquation.Rd:34: Lost braces in \itemize; \value handles \item{}{} directly checkRd: (-1) hillEquation.Rd:35: Lost braces in \itemize; \value handles \item{}{} directly checkRd: (-1) qiba.Rd:81-83: Lost braces in \itemize; \value handles \item{}{} directly checkRd: (-1) qiba.Rd:84-85: Lost braces in \itemize; \value handles \item{}{} directly checkRd: (-1) qiba.Rd:86-87: Lost braces in \itemize; \value handles \item{}{} directly checkRd: (-1) qiba.Rd:88-90: Lost braces in \itemize; \value handles \item{}{} directly checkRd: (-1) qiba.Rd:91-93: Lost braces in \itemize; \value handles \item{}{} directly Flavors: r-devel-linux-x86_64-debian-clang, r-devel-linux-x86_64-debian-gcc, r-devel-linux-x86_64-fedora-clang, r-devel-linux-x86_64-fedora-gcc, r-devel-windows-x86_64, r-patched-linux-x86_64, r-release-linux-x86_64, r-release-macos-arm64, r-release-macos-x86_64, r-release-windows-x86_64