CRAN Package Check Results for Package ordgam

Last updated on 2024-04-24 00:55:51 CEST.

Flavor Version Tinstall Tcheck Ttotal Status Flags
r-devel-linux-x86_64-debian-clang 0.9.1 4.78 102.25 107.03 NOTE
r-devel-linux-x86_64-debian-gcc 0.9.1 3.63 71.38 75.01 NOTE
r-devel-linux-x86_64-fedora-clang 0.9.1 124.07 NOTE
r-devel-linux-x86_64-fedora-gcc 0.9.1 119.25 NOTE
r-prerel-macos-arm64 0.9.1 34.00 NOTE
r-prerel-windows-x86_64 0.9.1 5.00 88.00 93.00 NOTE
r-patched-linux-x86_64 0.9.1 5.23 96.20 101.43 NOTE
r-release-linux-x86_64 0.9.1 3.72 96.62 100.34 OK
r-release-macos-arm64 0.9.1 44.00 OK
r-release-macos-x86_64 0.9.1 93.00 OK
r-release-windows-x86_64 0.9.1 6.00 103.00 109.00 OK
r-oldrel-macos-arm64 0.9.1 41.00 OK
r-oldrel-windows-x86_64 0.9.1 6.00 108.00 114.00 OK

Check Details

Version: 0.9.1
Check: Rd files
Result: NOTE checkRd: (-1) SNapprox.Rd:17: Lost braces in \itemize; \value handles \item{}{} directly checkRd: (-1) SNapprox.Rd:18: Lost braces in \itemize; \value handles \item{}{} directly checkRd: (-1) STapprox.Rd:17: Lost braces in \itemize; \value handles \item{}{} directly checkRd: (-1) STapprox.Rd:18: Lost braces in \itemize; \value handles \item{}{} directly checkRd: (-1) centeredBasis.gen.Rd:23: Lost braces in \itemize; \value handles \item{}{} directly checkRd: (-1) centeredBasis.gen.Rd:24: Lost braces in \itemize; \value handles \item{}{} directly checkRd: (-1) centeredBasis.gen.Rd:25: Lost braces in \itemize; \value handles \item{}{} directly checkRd: (-1) centeredBasis.gen.Rd:26: Lost braces in \itemize; \value handles \item{}{} directly checkRd: (-1) centeredBasis.gen.Rd:27: Lost braces in \itemize; \value handles \item{}{} directly checkRd: (-1) ordgam.object.Rd:9: Lost braces in \itemize; \value handles \item{}{} directly checkRd: (-1) ordgam.object.Rd:10: Lost braces in \itemize; \value handles \item{}{} directly checkRd: (-1) ordgam.object.Rd:11: Lost braces in \itemize; \value handles \item{}{} directly checkRd: (-1) ordgam.object.Rd:12: Lost braces in \itemize; \value handles \item{}{} directly checkRd: (-1) ordgam.object.Rd:13: Lost braces in \itemize; \value handles \item{}{} directly checkRd: (-1) ordgam.object.Rd:14: Lost braces in \itemize; \value handles \item{}{} directly checkRd: (-1) ordgam.object.Rd:15: Lost braces in \itemize; \value handles \item{}{} directly checkRd: (-1) ordgam.object.Rd:16: Lost braces in \itemize; \value handles \item{}{} directly checkRd: (-1) ordgam.object.Rd:17: Lost braces in \itemize; \value handles \item{}{} directly checkRd: (-1) ordgam.object.Rd:18: Lost braces in \itemize; \value handles \item{}{} directly checkRd: (-1) ordgam.object.Rd:19: Lost braces in \itemize; \value handles \item{}{} directly checkRd: (-1) ordgam.object.Rd:20: Lost braces in \itemize; \value handles \item{}{} directly checkRd: (-1) ordgam.object.Rd:21: Lost braces in \itemize; \value handles \item{}{} directly checkRd: (-1) ordgam.object.Rd:22: Lost braces in \itemize; \value handles \item{}{} directly checkRd: (-1) ordgam.object.Rd:23: Lost braces in \itemize; \value handles \item{}{} directly checkRd: (-1) ordgam.object.Rd:24: Lost braces in \itemize; \value handles \item{}{} directly checkRd: (-1) ordgam.object.Rd:25: Lost braces in \itemize; \value handles \item{}{} directly checkRd: (-1) ordgam.object.Rd:26: Lost braces in \itemize; \value handles \item{}{} directly checkRd: (-1) ordgam.object.Rd:27: Lost braces in \itemize; \value handles \item{}{} directly checkRd: (-1) ordgam.object.Rd:28: Lost braces in \itemize; \value handles \item{}{} directly checkRd: (-1) ordgam.object.Rd:29: Lost braces in \itemize; \value handles \item{}{} directly checkRd: (-1) ordgam.object.Rd:30: Lost braces in \itemize; \value handles \item{}{} directly checkRd: (-1) ordgam.object.Rd:31: Lost braces in \itemize; \value handles \item{}{} directly checkRd: (-1) ordgam.object.Rd:32: Lost braces in \itemize; \value handles \item{}{} directly checkRd: (-1) ordgam.object.Rd:33: Lost braces in \itemize; \value handles \item{}{} directly checkRd: (-1) ordgam.object.Rd:34: Lost braces in \itemize; \value handles \item{}{} directly checkRd: (-1) ordgam.object.Rd:35: Lost braces in \itemize; \value handles \item{}{} directly checkRd: (-1) ordgam.object.Rd:36: Lost braces in \itemize; \value handles \item{}{} directly checkRd: (-1) ordgam.object.Rd:37: Lost braces in \itemize; \value handles \item{}{} directly checkRd: (-1) ordgam.object.Rd:38: Lost braces in \itemize; \value handles \item{}{} directly checkRd: (-1) ordgam.object.Rd:39: Lost braces in \itemize; \value handles \item{}{} directly checkRd: (-1) ordgam.object.Rd:40: Lost braces in \itemize; \value handles \item{}{} directly checkRd: (-1) ordgam.object.Rd:41: Lost braces in \itemize; \value handles \item{}{} directly checkRd: (-1) ordgam.object.Rd:42: Lost braces in \itemize; \value handles \item{}{} directly checkRd: (-1) ordgam.object.Rd:43: Lost braces in \itemize; \value handles \item{}{} directly checkRd: (-1) ordgam.object.Rd:44: Lost braces in \itemize; \value handles \item{}{} directly checkRd: (-1) ordgam.object.Rd:45: Lost braces in \itemize; \value handles \item{}{} directly checkRd: (-1) ordgam.object.Rd:46: Lost braces in \itemize; \value handles \item{}{} directly checkRd: (-1) ordgam.object.Rd:47: Lost braces in \itemize; \value handles \item{}{} directly checkRd: (-1) ordgam.object.Rd:48: Lost braces in \itemize; \value handles \item{}{} directly checkRd: (-1) ordgam.object.Rd:49: Lost braces in \itemize; \value handles \item{}{} directly checkRd: (-1) ordgam.object.Rd:50: Lost braces in \itemize; \value handles \item{}{} directly checkRd: (-1) ordgam.object.Rd:51: Lost braces in \itemize; \value handles \item{}{} directly checkRd: (-1) ordgam_additive.Rd:19: Lost braces in \itemize; \value handles \item{}{} directly checkRd: (-1) ordgam_additive.Rd:20: Lost braces in \itemize; \value handles \item{}{} directly checkRd: (-1) ordgam_additive.Rd:21: Lost braces in \itemize; \value handles \item{}{} directly checkRd: (-1) ordgam_additive.Rd:22: Lost braces in \itemize; \value handles \item{}{} directly checkRd: (-1) ordgam_additive.Rd:23: Lost braces in \itemize; \value handles \item{}{} directly checkRd: (-1) ordgam_additive.Rd:24: Lost braces in \itemize; \value handles \item{}{} directly checkRd: (-1) ordgam_additive.Rd:25: Lost braces in \itemize; \value handles \item{}{} directly checkRd: (-1) ordgam_additive.Rd:26: Lost braces in \itemize; \value handles \item{}{} directly checkRd: (-1) ordgam_additive.Rd:27: Lost braces in \itemize; \value handles \item{}{} directly checkRd: (-1) ordregr.object.Rd:9: Lost braces in \itemize; \value handles \item{}{} directly checkRd: (-1) ordregr.object.Rd:10: Lost braces in \itemize; \value handles \item{}{} directly checkRd: (-1) ordregr.object.Rd:11: Lost braces in \itemize; \value handles \item{}{} directly checkRd: (-1) ordregr.object.Rd:12: Lost braces in \itemize; \value handles \item{}{} directly checkRd: (-1) ordregr.object.Rd:13: Lost braces in \itemize; \value handles \item{}{} directly checkRd: (-1) ordregr.object.Rd:14: Lost braces in \itemize; \value handles \item{}{} directly checkRd: (-1) ordregr.object.Rd:15: Lost braces in \itemize; \value handles \item{}{} directly checkRd: (-1) ordregr.object.Rd:16: Lost braces in \itemize; \value handles \item{}{} directly checkRd: (-1) ordregr.object.Rd:17: Lost braces in \itemize; \value handles \item{}{} directly checkRd: (-1) ordregr.object.Rd:18: Lost braces in \itemize; \value handles \item{}{} directly checkRd: (-1) ordregr.object.Rd:19: Lost braces in \itemize; \value handles \item{}{} directly checkRd: (-1) ordregr.object.Rd:20: Lost braces in \itemize; \value handles \item{}{} directly checkRd: (-1) ordregr.object.Rd:21: Lost braces in \itemize; \value handles \item{}{} directly checkRd: (-1) ordregr.object.Rd:22: Lost braces in \itemize; \value handles \item{}{} directly checkRd: (-1) ordregr.object.Rd:23: Lost braces in \itemize; \value handles \item{}{} directly checkRd: (-1) ordregr.object.Rd:24: Lost braces in \itemize; \value handles \item{}{} directly checkRd: (-1) ordregr.object.Rd:25: Lost braces in \itemize; \value handles \item{}{} directly checkRd: (-1) ordregr.object.Rd:26: Lost braces in \itemize; \value handles \item{}{} directly checkRd: (-1) ordregr.object.Rd:27: Lost braces in \itemize; \value handles \item{}{} directly checkRd: (-1) ordregr.object.Rd:28: Lost braces in \itemize; \value handles \item{}{} directly checkRd: (-1) ordregr.object.Rd:29: Lost braces in \itemize; \value handles \item{}{} directly checkRd: (-1) ordregr.object.Rd:30: Lost braces in \itemize; \value handles \item{}{} directly checkRd: (-1) ordregr_lpost.Rd:38: Lost braces in \itemize; \value handles \item{}{} directly checkRd: (-1) ordregr_lpost.Rd:39: Lost braces in \itemize; \value handles \item{}{} directly checkRd: (-1) ordregr_lpost.Rd:40: Lost braces in \itemize; \value handles \item{}{} directly checkRd: (-1) ordregr_lpost.Rd:41: Lost braces in \itemize; \value handles \item{}{} directly checkRd: (-1) ordregr_lpost.Rd:42: Lost braces in \itemize; \value handles \item{}{} directly checkRd: (-1) ordregr_lpost.Rd:43: Lost braces in \itemize; \value handles \item{}{} directly checkRd: (-1) ordregr_lpost.Rd:44: Lost braces in \itemize; \value handles \item{}{} directly checkRd: (-1) ordregr_lpost.Rd:45: Lost braces in \itemize; \value handles \item{}{} directly checkRd: (-1) testStat.Rd:25: Lost braces in \itemize; \value handles \item{}{} directly checkRd: (-1) testStat.Rd:26: Lost braces in \itemize; \value handles \item{}{} directly checkRd: (-1) testStat.Rd:27: Lost braces in \itemize; \value handles \item{}{} directly Flavors: r-devel-linux-x86_64-debian-clang, r-devel-linux-x86_64-debian-gcc, r-devel-linux-x86_64-fedora-clang, r-devel-linux-x86_64-fedora-gcc, r-prerel-macos-arm64, r-prerel-windows-x86_64, r-patched-linux-x86_64