CRAN Package Check Results for Package openNLPdata

Last updated on 2024-06-23 16:56:27 CEST.

Flavor Version Tinstall Tcheck Ttotal Status Flags
r-devel-linux-x86_64-debian-clang 1.5.3-5 4.70 28.91 33.61 OK
r-devel-linux-x86_64-debian-gcc 1.5.3-5 3.47 21.53 25.00 OK
r-devel-linux-x86_64-fedora-clang 1.5.3-5 45.55 NOTE
r-devel-linux-x86_64-fedora-gcc 1.5.3-5 41.19 OK
r-devel-windows-x86_64 1.5.3-5 4.00 34.00 38.00 NOTE
r-patched-linux-x86_64 1.5.3-5 5.67 27.71 33.38 OK
r-release-linux-x86_64 1.5.3-5 4.96 28.12 33.08 OK
r-release-macos-arm64 1.5.3-5 18.00 NOTE
r-release-macos-x86_64 1.5.3-5 24.00 NOTE
r-release-windows-x86_64 1.5.3-5 4.00 32.00 36.00 NOTE
r-oldrel-macos-arm64 1.5.3-5 24.00 NOTE
r-oldrel-macos-x86_64 1.5.3-5 40.00 NOTE
r-oldrel-windows-x86_64 1.5.3-5 6.00 39.00 45.00 NOTE

Check Details

Version: 1.5.3-5
Check: installed package size
Result: NOTE installed size is 7.2Mb sub-directories of 1Mb or more: java 1.2Mb models 6.0Mb Flavors: r-devel-linux-x86_64-fedora-clang, r-devel-windows-x86_64, r-release-macos-arm64, r-release-macos-x86_64, r-release-windows-x86_64, r-oldrel-macos-arm64, r-oldrel-macos-x86_64, r-oldrel-windows-x86_64