CRAN Package Check Results for Package ollggamma

Last updated on 2024-04-15 02:53:23 CEST.

Flavor Version Tinstall Tcheck Ttotal Status Flags
r-devel-linux-x86_64-debian-clang 1.0.2 1.67 25.70 27.37 NOTE
r-devel-linux-x86_64-debian-gcc 1.0.2 1.58 19.98 21.56 NOTE
r-devel-linux-x86_64-fedora-clang 1.0.2 34.39 NOTE
r-devel-linux-x86_64-fedora-gcc 1.0.2 32.97 NOTE
r-devel-windows-x86_64 1.0.2 3.00 46.00 49.00 NOTE
r-patched-linux-x86_64 1.0.2 2.00 24.15 26.15 NOTE
r-release-linux-x86_64 1.0.2 1.59 24.18 25.77 NOTE
r-release-macos-arm64 1.0.2 16.00 NOTE
r-release-macos-x86_64 1.0.2 21.00 NOTE
r-release-windows-x86_64 1.0.2 2.00 44.00 46.00 NOTE
r-oldrel-macos-arm64 1.0.2 17.00 NOTE
r-oldrel-windows-x86_64 1.0.2 3.00 49.00 52.00 NOTE

Check Details

Version: 1.0.2
Check: LazyData
Result: NOTE 'LazyData' is specified without a 'data' directory Flavors: r-devel-linux-x86_64-debian-clang, r-devel-linux-x86_64-debian-gcc, r-devel-linux-x86_64-fedora-clang, r-devel-linux-x86_64-fedora-gcc, r-devel-windows-x86_64, r-patched-linux-x86_64, r-release-linux-x86_64, r-release-macos-arm64, r-release-macos-x86_64, r-release-windows-x86_64, r-oldrel-macos-arm64, r-oldrel-windows-x86_64