CRAN Package Check Results for Package nzelect

Last updated on 2025-01-22 14:52:45 CET.

Flavor Version Tinstall Tcheck Ttotal Status Flags
r-devel-linux-x86_64-debian-clang 0.4.0 10.39 53.37 63.76 OK
r-devel-linux-x86_64-debian-gcc 0.4.0 6.98 37.95 44.93 OK
r-devel-linux-x86_64-fedora-clang 0.4.0 100.56 OK
r-devel-linux-x86_64-fedora-gcc 0.4.0 112.02 OK
r-devel-windows-x86_64 0.4.0 11.00 73.00 84.00 OK
r-patched-linux-x86_64 0.4.0 10.87 51.44 62.31 OK
r-release-linux-x86_64 0.4.0 9.67 51.66 61.33 OK
r-release-macos-arm64 0.4.0 37.00 OK
r-release-macos-x86_64 0.4.0 58.00 OK
r-release-windows-x86_64 0.4.0 11.00 79.00 90.00 OK
r-oldrel-macos-arm64 0.4.0 41.00 NOTE
r-oldrel-macos-x86_64 0.4.0 58.00 OK
r-oldrel-windows-x86_64 0.4.0 10.00 79.00 89.00 OK

Check Details

Version: 0.4.0
Check: installed package size
Result: NOTE installed size is 5.3Mb sub-directories of 1Mb or more: data 5.0Mb Flavor: r-oldrel-macos-arm64