CRAN Package Check Results for Package nvctr

Last updated on 2024-06-05 00:48:54 CEST.

Flavor Version Tinstall Tcheck Ttotal Status Flags
r-devel-linux-x86_64-debian-clang 0.1.4 2.46 36.84 39.30 NOTE
r-devel-linux-x86_64-debian-gcc 0.1.4 2.06 28.16 30.22 NOTE
r-devel-linux-x86_64-fedora-clang 0.1.4 54.91 NOTE
r-devel-linux-x86_64-fedora-gcc 0.1.4 61.26 NOTE
r-devel-windows-x86_64 0.1.4 5.00 58.00 63.00 NOTE
r-patched-linux-x86_64 0.1.4 3.46 36.13 39.59 NOTE
r-release-linux-x86_64 0.1.4 2.71 34.53 37.24 NOTE
r-release-macos-arm64 0.1.4 26.00 NOTE
r-release-windows-x86_64 0.1.4 3.00 58.00 61.00 NOTE
r-oldrel-macos-arm64 0.1.4 25.00 NOTE
r-oldrel-macos-x86_64 0.1.4 37.00 NOTE
r-oldrel-windows-x86_64 0.1.4 4.00 60.00 64.00 NOTE

Check Details

Version: 0.1.4
Check: Rd files
Result: NOTE checkRd: (-1) xyz2R.Rd:31: Lost braces 31 | \item Finally, code{T} is rotated an angle \code{z} about its NEWEST z-axis. | ^ Flavors: r-devel-linux-x86_64-debian-clang, r-devel-linux-x86_64-debian-gcc, r-devel-linux-x86_64-fedora-clang, r-devel-linux-x86_64-fedora-gcc, r-devel-windows-x86_64, r-patched-linux-x86_64, r-release-linux-x86_64, r-release-macos-arm64, r-release-windows-x86_64

Version: 0.1.4
Check: LazyData
Result: NOTE 'LazyData' is specified without a 'data' directory Flavors: r-devel-linux-x86_64-debian-clang, r-devel-linux-x86_64-debian-gcc, r-devel-linux-x86_64-fedora-clang, r-devel-linux-x86_64-fedora-gcc, r-devel-windows-x86_64, r-patched-linux-x86_64, r-release-linux-x86_64, r-release-macos-arm64, r-release-windows-x86_64, r-oldrel-macos-arm64, r-oldrel-macos-x86_64, r-oldrel-windows-x86_64