CRAN Package Check Results for Package nspmix

Last updated on 2024-07-16 16:52:55 CEST.

Flavor Version Tinstall Tcheck Ttotal Status Flags
r-devel-linux-x86_64-debian-clang 1.5-0 3.88 61.21 65.09 OK
r-devel-linux-x86_64-debian-gcc 1.5-0 3.25 44.96 48.21 OK
r-devel-linux-x86_64-fedora-clang 1.5-0 82.26 OK
r-devel-linux-x86_64-fedora-gcc 1.5-0 76.85 OK
r-devel-windows-x86_64 1.5-0 6.00 67.00 73.00 NOTE
r-patched-linux-x86_64 1.5-0 6.57 58.20 64.77 OK
r-release-linux-x86_64 1.5-0 3.87 60.10 63.97 OK
r-release-macos-arm64 1.5-0 26.00 OK
r-release-macos-x86_64 1.5-0 37.00 OK
r-release-windows-x86_64 1.5-0 5.00 64.00 69.00 OK
r-oldrel-macos-arm64 1.5-0 24.00 OK
r-oldrel-macos-x86_64 1.5-0 44.00 OK
r-oldrel-windows-x86_64 1.5-0 5.00 74.00 79.00 OK

Check Details

Version: 1.5-0
Check: Rd cross-references
Result: NOTE Found the following Rd file(s) with Rd \link{} targets missing package anchors: cnm.Rd: nnls cnmms.Rd: nnls cvps.Rd: nnls mlogit.Rd: nnls npnorm.Rd: nnls nppois.Rd: nnls plot.nspmix.Rd: nnls plotgrad.Rd: nnls Please provide package anchors for all Rd \link{} targets not in the package itself and the base packages. Flavor: r-devel-windows-x86_64