CRAN Package Check Results for Package nsarfima

Last updated on 2024-04-15 00:55:02 CEST.

Flavor Version Tinstall Tcheck Ttotal Status Flags
r-devel-linux-x86_64-debian-clang 0.2.0.0 2.05 25.14 27.19 NOTE
r-devel-linux-x86_64-debian-gcc 0.2.0.0 2.18 19.87 22.05 NOTE
r-devel-linux-x86_64-fedora-clang 0.2.0.0 35.45 NOTE
r-devel-linux-x86_64-fedora-gcc 0.2.0.0 33.46 NOTE
r-devel-windows-x86_64 0.2.0.0 4.00 37.00 41.00 NOTE
r-patched-linux-x86_64 0.2.0.0 2.96 25.29 28.25 NOTE
r-release-linux-x86_64 0.2.0.0 2.81 25.22 28.03 NOTE
r-release-macos-arm64 0.2.0.0 16.00 NOTE
r-release-macos-x86_64 0.2.0.0 21.00 NOTE
r-release-windows-x86_64 0.2.0.0 4.00 38.00 42.00 NOTE
r-oldrel-macos-arm64 0.2.0.0 15.00 NOTE
r-oldrel-windows-x86_64 0.2.0.0 7.00 43.00 50.00 NOTE

Check Details

Version: 0.2.0.0
Check: LazyData
Result: NOTE 'LazyData' is specified without a 'data' directory Flavors: r-devel-linux-x86_64-debian-clang, r-devel-linux-x86_64-debian-gcc, r-devel-linux-x86_64-fedora-clang, r-devel-linux-x86_64-fedora-gcc, r-devel-windows-x86_64, r-patched-linux-x86_64, r-release-linux-x86_64, r-release-macos-arm64, r-release-macos-x86_64, r-release-windows-x86_64, r-oldrel-macos-arm64, r-oldrel-windows-x86_64