CRAN Package Check Results for Package namedropR

Last updated on 2024-07-17 16:52:23 CEST.

Flavor Version Tinstall Tcheck Ttotal Status Flags
r-devel-linux-x86_64-debian-clang 2.4.1 7.85 113.17 121.02 NOTE
r-devel-linux-x86_64-debian-gcc 2.4.1 6.71 82.11 88.82 NOTE
r-devel-linux-x86_64-fedora-clang 2.4.1 152.54 NOTE
r-devel-linux-x86_64-fedora-gcc 2.4.1 154.08 NOTE
r-devel-windows-x86_64 2.4.1 9.00 96.00 105.00 NOTE
r-patched-linux-x86_64 2.4.1 6.97 107.17 114.14 NOTE
r-release-linux-x86_64 2.4.1 5.79 108.40 114.19 NOTE
r-release-macos-arm64 2.4.1 54.00 NOTE
r-release-macos-x86_64 2.4.1 90.00 NOTE
r-release-windows-x86_64 2.4.1 9.00 96.00 105.00 NOTE
r-oldrel-macos-arm64 2.4.1 50.00 OK
r-oldrel-macos-x86_64 2.4.1 84.00 OK
r-oldrel-windows-x86_64 2.4.1 10.00 114.00 124.00 OK

Check Details

Version: 2.4.1
Check: Rd files
Result: NOTE checkRd: (-1) drop_name_crossref.Rd:49: Lost braces; missing escapes or markup? 49 | Takes one or several dois and extracts information from Crossref, then processes them into visual citations with \code{\link{drop_name}}. Requires {rcrossref} > v1.1, see README for further details. | ^ Flavors: r-devel-linux-x86_64-debian-clang, r-devel-linux-x86_64-debian-gcc, r-devel-linux-x86_64-fedora-clang, r-devel-linux-x86_64-fedora-gcc, r-devel-windows-x86_64, r-patched-linux-x86_64, r-release-linux-x86_64, r-release-macos-arm64, r-release-macos-x86_64, r-release-windows-x86_64