CRAN Package Check Results for Package mzipmed

Last updated on 2024-04-16 01:02:08 CEST.

Flavor Version Tinstall Tcheck Ttotal Status Flags
r-devel-linux-x86_64-debian-clang 1.4.0 24.11 88.51 112.62 NOTE
r-devel-linux-x86_64-debian-gcc 1.4.0 16.65 62.42 79.07 NOTE
r-devel-linux-x86_64-fedora-clang 1.4.0 136.25 NOTE
r-devel-linux-x86_64-fedora-gcc 1.4.0 140.25 NOTE
r-prerel-macos-arm64 1.4.0 39.00 NOTE
r-prerel-windows-x86_64 1.4.0 16.00 80.00 96.00 NOTE
r-patched-linux-x86_64 1.4.0 18.29 83.48 101.77 NOTE
r-release-linux-x86_64 1.4.0 17.18 85.66 102.84 OK
r-release-macos-arm64 1.4.0 53.00 OK
r-release-macos-x86_64 1.4.0 118.00 OK
r-release-windows-x86_64 1.4.0 21.00 94.00 115.00 OK
r-oldrel-macos-arm64 1.4.0 39.00 OK
r-oldrel-windows-x86_64 1.4.0 21.00 95.00 116.00 OK

Check Details

Version: 1.4.0
Check: Rd files
Result: NOTE checkRd: (-1) mzipmed_data.Rd:22: Lost braces; missing escapes or markup? 22 | @source {Simulated to serve as an example} | ^ Flavors: r-devel-linux-x86_64-debian-clang, r-devel-linux-x86_64-debian-gcc, r-devel-linux-x86_64-fedora-clang, r-devel-linux-x86_64-fedora-gcc, r-prerel-macos-arm64, r-prerel-windows-x86_64, r-patched-linux-x86_64