CRAN Package Check Results for Package mosqcontrol

Last updated on 2024-05-18 01:08:05 CEST.

Flavor Version Tinstall Tcheck Ttotal Status Flags
r-devel-linux-x86_64-debian-clang 0.1.0 5.50 41.33 46.83 NOTE
r-devel-linux-x86_64-debian-gcc 0.1.0 3.70 31.39 35.09 NOTE
r-devel-linux-x86_64-fedora-clang 0.1.0 60.35 NOTE
r-devel-linux-x86_64-fedora-gcc 0.1.0 77.72 NOTE
r-devel-windows-x86_64 0.1.0 6.00 52.00 58.00 NOTE
r-patched-linux-x86_64 0.1.0 4.64 39.58 44.22 NOTE
r-release-linux-x86_64 0.1.0 3.39 40.29 43.68 NOTE
r-release-macos-arm64 0.1.0 28.00 NOTE
r-release-windows-x86_64 0.1.0 5.00 52.00 57.00 NOTE
r-oldrel-macos-arm64 0.1.0 29.00 NOTE
r-oldrel-macos-x86_64 0.1.0 37.00 NOTE
r-oldrel-windows-x86_64 0.1.0 7.00 58.00 65.00 NOTE

Check Details

Version: 0.1.0
Check: LazyData
Result: NOTE 'LazyData' is specified without a 'data' directory Flavors: r-devel-linux-x86_64-debian-clang, r-devel-linux-x86_64-debian-gcc, r-devel-linux-x86_64-fedora-clang, r-devel-linux-x86_64-fedora-gcc, r-devel-windows-x86_64, r-patched-linux-x86_64, r-release-linux-x86_64, r-release-macos-arm64, r-release-windows-x86_64, r-oldrel-macos-arm64, r-oldrel-macos-x86_64, r-oldrel-windows-x86_64

Version: 0.1.0
Check: dependencies in R code
Result: NOTE Namespace in Imports field not imported from: ‘NlcOptim’ All declared Imports should be used. Flavors: r-devel-linux-x86_64-fedora-clang, r-devel-linux-x86_64-fedora-gcc