CRAN Package Check Results for Package monoClust

Last updated on 2024-07-24 16:53:54 CEST.

Flavor Version Tinstall Tcheck Ttotal Status Flags
r-devel-linux-x86_64-debian-clang 1.2.1 8.22 108.14 116.36 NOTE
r-devel-linux-x86_64-debian-gcc 1.2.1 5.57 78.76 84.33 NOTE
r-devel-linux-x86_64-fedora-clang 1.2.1 140.80 NOTE
r-devel-linux-x86_64-fedora-gcc 1.2.1 144.26 NOTE
r-devel-windows-x86_64 1.2.1 10.00 97.00 107.00 NOTE
r-patched-linux-x86_64 1.2.1 7.28 103.24 110.52 NOTE
r-release-linux-x86_64 1.2.1 4.32 101.52 105.84 NOTE
r-release-macos-arm64 1.2.1 56.00 NOTE
r-release-macos-x86_64 1.2.1 100.00 NOTE
r-release-windows-x86_64 1.2.1 8.00 97.00 105.00 NOTE
r-oldrel-macos-arm64 1.2.1 48.00 OK
r-oldrel-macos-x86_64 1.2.1 79.00 OK
r-oldrel-windows-x86_64 1.2.1 9.00 122.00 131.00 OK

Check Details

Version: 1.2.1
Check: Rd files
Result: NOTE checkRd: (-1) circ_dist.Rd:21: Lost braces; missing escapes or markup? 21 | The distance between two observations {i} and {j} of a circular variable {q} | ^ checkRd: (-1) circ_dist.Rd:21: Lost braces; missing escapes or markup? 21 | The distance between two observations {i} and {j} of a circular variable {q} | ^ checkRd: (-1) circ_dist.Rd:21: Lost braces; missing escapes or markup? 21 | The distance between two observations {i} and {j} of a circular variable {q} | ^ Flavors: r-devel-linux-x86_64-debian-clang, r-devel-linux-x86_64-debian-gcc, r-devel-linux-x86_64-fedora-clang, r-devel-linux-x86_64-fedora-gcc, r-devel-windows-x86_64, r-patched-linux-x86_64, r-release-linux-x86_64, r-release-macos-arm64, r-release-macos-x86_64, r-release-windows-x86_64