CRAN Package Check Results for Package modsem

Last updated on 2024-07-21 00:56:23 CEST.

Flavor Version Tinstall Tcheck Ttotal Status Flags
r-devel-linux-x86_64-debian-clang 1.0.1 77.88 401.80 479.68 OK
r-devel-linux-x86_64-debian-gcc 1.0.1 48.20 775.27 823.47 OK
r-devel-linux-x86_64-fedora-clang 1.0.1 808.19 OK
r-devel-linux-x86_64-fedora-gcc 1.0.1 566.29 OK
r-devel-windows-x86_64 1.0.1 61.00 268.00 329.00 OK
r-patched-linux-x86_64 1.0.1 82.73 915.49 998.22 OK
r-release-linux-x86_64 1.0.1 81.85 885.49 967.34 OK
r-release-macos-arm64 1.0.1 217.00 NOTE
r-release-macos-x86_64 1.0.1 475.00 NOTE
r-release-windows-x86_64 1.0.1 75.00 269.00 344.00 OK
r-oldrel-macos-arm64 1.0.1 1106.00 NOTE
r-oldrel-macos-x86_64 1.0.1 1803.00 ERROR
r-oldrel-windows-x86_64 1.0.1 91.00 342.00 433.00 OK

Check Details

Version: 1.0.1
Check: installed package size
Result: NOTE installed size is 5.5Mb sub-directories of 1Mb or more: libs 4.2Mb Flavors: r-release-macos-arm64, r-release-macos-x86_64, r-oldrel-macos-arm64, r-oldrel-macos-x86_64

Version: 1.0.1
Check: running R code from vignettes
Result: ERROR Errors in running code in vignettes: when running code in ‘quadratic.Rmd’ ... > m2 <- "\nENJ =~ enjoy1 + enjoy2 + enjoy3 + enjoy4 + enjoy5\nCAREER =~ career1 + career2 + career3 + career4\nSC =~ academic1 + academic2 + academic3 ..." ... [TRUNCATED] > est2Dblcent <- modsem(m2, data = jordan) > est2Qml <- modsem(m2, data = jordan, method = "qml") Execution halted ... incomplete output. Crash? ‘customizing.Rmd’ using ‘UTF-8’... [2s/2s] OK ‘interaction_two_etas.Rmd’ using ‘UTF-8’... [140s/204s] OK ‘lavaan.Rmd’ using ‘UTF-8’... [50s/95s] OK ‘lms_qml.Rmd’ using ‘UTF-8’... [234s/380s] OK ‘methods.Rmd’ using ‘UTF-8’... [1s/1s] OK ‘modsem.Rmd’ using ‘UTF-8’... [295s/461s] OK ‘observed_lms_qml.Rmd’ using ‘UTF-8’... [22s/37s] OK ‘plot_interactions.Rmd’ using ‘UTF-8’... [148s/242s] OK ‘quadratic.Rmd’ using ‘UTF-8’... failed to complete the test * checking re-building of vignette outputs ...* using check arguments '--no-clean-on-error ' Flavor: r-oldrel-macos-x86_64