CRAN Package Check Results for Package mmaqshiny

Last updated on 2024-05-20 16:58:35 CEST.

Flavor Version Tinstall Tcheck Ttotal Status Flags
r-devel-linux-x86_64-debian-clang 1.0.0 5.05 21.62 26.67 NOTE
r-devel-linux-x86_64-debian-gcc 1.0.0 3.20 16.68 19.88 NOTE
r-devel-linux-x86_64-fedora-clang 1.0.0 31.86 NOTE
r-devel-linux-x86_64-fedora-gcc 1.0.0 28.73 NOTE
r-devel-windows-x86_64 1.0.0 5.00 38.00 43.00 NOTE
r-patched-linux-x86_64 1.0.0 4.81 21.02 25.83 NOTE
r-release-linux-x86_64 1.0.0 4.87 20.97 25.84 NOTE
r-release-macos-arm64 1.0.0 17.00 NOTE
r-release-windows-x86_64 1.0.0 5.00 38.00 43.00 NOTE
r-oldrel-macos-arm64 1.0.0 16.00 NOTE
r-oldrel-macos-x86_64 1.0.0 20.00 NOTE
r-oldrel-windows-x86_64 1.0.0 7.00 43.00 50.00 NOTE

Check Details

Version: 1.0.0
Check: LazyData
Result: NOTE 'LazyData' is specified without a 'data' directory Flavors: r-devel-linux-x86_64-debian-clang, r-devel-linux-x86_64-debian-gcc, r-devel-linux-x86_64-fedora-clang, r-devel-linux-x86_64-fedora-gcc, r-devel-windows-x86_64, r-patched-linux-x86_64, r-release-linux-x86_64, r-release-macos-arm64, r-release-windows-x86_64, r-oldrel-macos-arm64, r-oldrel-macos-x86_64, r-oldrel-windows-x86_64

Version: 1.0.0
Check: installed package size
Result: NOTE installed size is 15.7Mb sub-directories of 1Mb or more: images 1.1Mb shiny 14.5Mb Flavors: r-devel-linux-x86_64-fedora-clang, r-devel-windows-x86_64, r-release-macos-arm64, r-release-windows-x86_64, r-oldrel-macos-arm64, r-oldrel-macos-x86_64, r-oldrel-windows-x86_64

Version: 1.0.0
Check: dependencies in R code
Result: NOTE Namespaces in Imports field not imported from: ‘Cairo’ ‘DT’ ‘XML’ ‘caTools’ ‘data.table’ ‘dplyr’ ‘ggplot2’ ‘htmltools’ ‘leaflet’ ‘lubridate’ ‘plotly’ ‘shinyjs’ ‘stringr’ ‘xts’ ‘zoo’ All declared Imports should be used. Flavors: r-devel-linux-x86_64-fedora-clang, r-devel-linux-x86_64-fedora-gcc