CRAN Package Check Results for Package milr

Last updated on 2024-07-16 16:52:54 CEST.

Flavor Version Tinstall Tcheck Ttotal Status Flags
r-devel-linux-x86_64-debian-clang 0.3.1 122.88 136.94 259.82 NOTE
r-devel-linux-x86_64-debian-gcc 0.3.1 77.45 107.49 184.94 NOTE
r-devel-linux-x86_64-fedora-clang 0.3.1 367.17 NOTE
r-devel-linux-x86_64-fedora-gcc 0.3.1 374.75 NOTE
r-devel-windows-x86_64 0.3.1 88.00 153.00 241.00 NOTE
r-patched-linux-x86_64 0.3.1 89.09 137.40 226.49 NOTE
r-release-linux-x86_64 0.3.1 92.31 133.94 226.25 NOTE
r-release-macos-arm64 0.3.1 90.00 NOTE
r-release-macos-x86_64 0.3.1 123.00 NOTE
r-release-windows-x86_64 0.3.1 90.00 151.00 241.00 NOTE
r-oldrel-macos-arm64 0.3.1 106.00 NOTE
r-oldrel-macos-x86_64 0.3.1 180.00 NOTE
r-oldrel-windows-x86_64 0.3.1 106.00 175.00 281.00 NOTE

Check Details

Version: 0.3.1
Check: C++ specification
Result: NOTE Specified C++11: please drop specification unless essential Flavors: r-devel-linux-x86_64-debian-clang, r-devel-linux-x86_64-debian-gcc, r-devel-linux-x86_64-fedora-clang, r-devel-linux-x86_64-fedora-gcc, r-devel-windows-x86_64, r-patched-linux-x86_64, r-release-linux-x86_64, r-release-macos-arm64, r-release-macos-x86_64, r-release-windows-x86_64, r-oldrel-macos-arm64, r-oldrel-macos-x86_64, r-oldrel-windows-x86_64

Version: 0.3.1
Check: Rd files
Result: NOTE checkRd: (-1) milr.Rd:45: Lost braces in \itemize; \value handles \item{}{} directly checkRd: (-1) milr.Rd:46-47: Lost braces in \itemize; \value handles \item{}{} directly checkRd: (-1) milr.Rd:48: Lost braces in \itemize; \value handles \item{}{} directly checkRd: (-1) milr.Rd:49: Lost braces in \itemize; \value handles \item{}{} directly checkRd: (-1) milr.Rd:50: Lost braces in \itemize; \value handles \item{}{} directly checkRd: (-1) milr.Rd:51-52: Lost braces in \itemize; \value handles \item{}{} directly Flavors: r-devel-linux-x86_64-debian-clang, r-devel-linux-x86_64-debian-gcc, r-devel-linux-x86_64-fedora-clang, r-devel-linux-x86_64-fedora-gcc, r-devel-windows-x86_64, r-patched-linux-x86_64, r-release-linux-x86_64, r-release-macos-arm64, r-release-macos-x86_64, r-release-windows-x86_64

Version: 0.3.1
Check: LazyData
Result: NOTE 'LazyData' is specified without a 'data' directory Flavors: r-devel-linux-x86_64-debian-clang, r-devel-linux-x86_64-debian-gcc, r-devel-linux-x86_64-fedora-clang, r-devel-linux-x86_64-fedora-gcc, r-devel-windows-x86_64, r-patched-linux-x86_64, r-release-linux-x86_64, r-release-macos-arm64, r-release-macos-x86_64, r-release-windows-x86_64, r-oldrel-macos-arm64, r-oldrel-macos-x86_64, r-oldrel-windows-x86_64