CRAN Package Check Results for Package microbial

Last updated on 2025-01-21 11:48:28 CET.

Flavor Version Tinstall Tcheck Ttotal Status Flags
r-devel-linux-x86_64-debian-clang 0.0.21 42.67 430.27 472.94 OK
r-devel-linux-x86_64-debian-gcc 0.0.21 30.89 297.41 328.30 OK
r-devel-linux-x86_64-fedora-clang 0.0.21 748.88 OK
r-devel-linux-x86_64-fedora-gcc 0.0.21 745.99 OK
r-devel-windows-x86_64 0.0.21 38.00 356.00 394.00 OK
r-patched-linux-x86_64 0.0.21 39.52 384.22 423.74 OK
r-release-linux-x86_64 0.0.21 37.74 379.85 417.59 OK
r-release-macos-arm64 0.0.21 117.00 OK
r-release-macos-x86_64 0.0.21 279.00 OK
r-release-windows-x86_64 0.0.21 40.00 346.00 386.00 OK
r-oldrel-macos-arm64 0.0.21 130.00 NOTE
r-oldrel-macos-x86_64 0.0.21 232.00 NOTE
r-oldrel-windows-x86_64 0.0.21 53.00 490.00 543.00 OK

Check Details

Version: 0.0.21
Check: package dependencies
Result: NOTE Package suggested but not available for checking: ‘dada2’ Flavors: r-oldrel-macos-arm64, r-oldrel-macos-x86_64