CRAN Package Check Results for Package metaheuristicOpt

Last updated on 2024-04-18 08:54:36 CEST.

Flavor Version Tinstall Tcheck Ttotal Status Flags
r-devel-linux-x86_64-debian-clang 2.0.0 4.72 68.37 73.09 NOTE
r-devel-linux-x86_64-debian-gcc 2.0.0 4.36 46.75 51.11 NOTE
r-devel-linux-x86_64-fedora-clang 2.0.0 88.60 NOTE
r-devel-linux-x86_64-fedora-gcc 2.0.0 83.78 NOTE
r-prerel-macos-arm64 2.0.0 23.00 NOTE
r-prerel-windows-x86_64 2.0.0 6.00 60.00 66.00 NOTE
r-patched-linux-x86_64 2.0.0 6.39 61.86 68.25 NOTE
r-release-linux-x86_64 2.0.0 4.50 65.66 70.16 NOTE
r-release-macos-arm64 2.0.0 28.00 NOTE
r-release-macos-x86_64 2.0.0 42.00 NOTE
r-release-windows-x86_64 2.0.0 6.00 76.00 82.00 NOTE
r-oldrel-macos-arm64 2.0.0 25.00 NOTE
r-oldrel-windows-x86_64 2.0.0 14.00 78.00 92.00 NOTE

Check Details

Version: 2.0.0
Check: LazyData
Result: NOTE 'LazyData' is specified without a 'data' directory Flavors: r-devel-linux-x86_64-debian-clang, r-devel-linux-x86_64-debian-gcc, r-devel-linux-x86_64-fedora-clang, r-devel-linux-x86_64-fedora-gcc, r-prerel-macos-arm64, r-prerel-windows-x86_64, r-patched-linux-x86_64, r-release-linux-x86_64, r-release-macos-arm64, r-release-macos-x86_64, r-release-windows-x86_64, r-oldrel-macos-arm64, r-oldrel-windows-x86_64