CRAN Package Check Results for Package metafuse

Last updated on 2024-04-23 16:58:21 CEST.

Flavor Version Tinstall Tcheck Ttotal Status Flags
r-devel-linux-x86_64-debian-clang 2.0-1 8.08 82.37 90.45 NOTE
r-devel-linux-x86_64-debian-gcc 2.0-1 7.23 59.01 66.24 NOTE
r-devel-linux-x86_64-fedora-clang 2.0-1 112.15 NOTE
r-devel-linux-x86_64-fedora-gcc 2.0-1 104.96 NOTE
r-prerel-macos-arm64 2.0-1 34.00 NOTE
r-prerel-windows-x86_64 2.0-1 8.00 73.00 81.00 NOTE
r-patched-linux-x86_64 2.0-1 8.36 78.21 86.57 NOTE
r-release-linux-x86_64 2.0-1 8.89 79.70 88.59 OK
r-release-macos-arm64 2.0-1 37.00 OK
r-release-macos-x86_64 2.0-1 59.00 OK
r-release-windows-x86_64 2.0-1 10.00 85.00 95.00 OK
r-oldrel-macos-arm64 2.0-1 16.00 OK
r-oldrel-windows-x86_64 2.0-1 11.00 91.00 102.00 OK

Check Details

Version: 2.0-1
Check: Rd files
Result: NOTE checkRd: (-1) datagenerator.Rd:17: Lost braces; missing escapes or markup? 17 | Returns data frame with \code{n*K} rows (if \code{n} is a scalar), or \code{sum(n)} rows (if \code{n} is a \code{K}-element vector). The data frame contains columns "y", "x1", \dots, "x_{p-1}" and "group" if \code{family="gaussian"}, \code{"binomial"} or \code{"poisson"}; or contains columns "time", "status", "x1", \dots, "x_{p-1}" and "group" if \code{family="cox"}. | ^ checkRd: (-1) datagenerator.Rd:17: Lost braces; missing escapes or markup? 17 | Returns data frame with \code{n*K} rows (if \code{n} is a scalar), or \code{sum(n)} rows (if \code{n} is a \code{K}-element vector). The data frame contains columns "y", "x1", \dots, "x_{p-1}" and "group" if \code{family="gaussian"}, \code{"binomial"} or \code{"poisson"}; or contains columns "time", "status", "x1", \dots, "x_{p-1}" and "group" if \code{family="cox"}. | ^ Flavors: r-devel-linux-x86_64-debian-clang, r-devel-linux-x86_64-debian-gcc, r-devel-linux-x86_64-fedora-clang, r-devel-linux-x86_64-fedora-gcc, r-prerel-macos-arm64, r-prerel-windows-x86_64, r-patched-linux-x86_64