CRAN Package Check Results for Package metacoder

Last updated on 2024-07-21 08:49:22 CEST.

Flavor Version Tinstall Tcheck Ttotal Status Flags
r-devel-linux-x86_64-debian-clang 0.3.7 45.63 218.66 264.29 OK
r-devel-linux-x86_64-debian-gcc 0.3.7 31.17 157.66 188.83 NOTE
r-devel-linux-x86_64-fedora-clang 0.3.7 333.88 NOTE
r-devel-linux-x86_64-fedora-gcc 0.3.7 328.64 NOTE
r-devel-windows-x86_64 0.3.7 39.00 216.00 255.00 NOTE
r-patched-linux-x86_64 0.3.7 59.89 210.73 270.62 OK
r-release-linux-x86_64 0.3.7 38.54 212.86 251.40 OK
r-release-macos-arm64 0.3.7 91.00 OK
r-release-macos-x86_64 0.3.7 127.00 OK
r-release-windows-x86_64 0.3.7 42.00 217.00 259.00 OK
r-oldrel-macos-arm64 0.3.7 103.00 NOTE
r-oldrel-macos-x86_64 0.3.7 182.00 NOTE
r-oldrel-windows-x86_64 0.3.7 56.00 274.00 330.00 OK

Additional issues

noSuggests

Check Details

Version: 0.3.7
Check: Rd cross-references
Result: NOTE Found the following Rd file(s) with Rd \link{} targets missing package anchors: as_phyloseq.Rd: ape heat_tree.Rd: igraph Please provide package anchors for all Rd \link{} targets not in the package itself and the base packages. Flavors: r-devel-linux-x86_64-debian-gcc, r-devel-windows-x86_64

Version: 0.3.7
Check: dependencies in R code
Result: NOTE Namespace in Imports field not imported from: ‘R6’ All declared Imports should be used. Flavors: r-devel-linux-x86_64-fedora-clang, r-devel-linux-x86_64-fedora-gcc

Version: 0.3.7
Check: package dependencies
Result: NOTE Packages suggested but not available for checking: 'phyloseq', 'biomformat' Flavors: r-oldrel-macos-arm64, r-oldrel-macos-x86_64