CRAN Package Check Results for Package matrixsampling

Last updated on 2024-04-18 16:49:59 CEST.

Flavor Version Tinstall Tcheck Ttotal Status Flags
r-devel-linux-x86_64-debian-clang 2.0.0 4.16 45.22 49.38 NOTE
r-devel-linux-x86_64-debian-gcc 2.0.0 2.92 31.44 34.36 NOTE
r-devel-linux-x86_64-fedora-clang 2.0.0 59.33 NOTE
r-devel-linux-x86_64-fedora-gcc 2.0.0 55.83 NOTE
r-prerel-macos-arm64 2.0.0 19.00 NOTE
r-prerel-windows-x86_64 2.0.0 4.00 51.00 55.00 NOTE
r-patched-linux-x86_64 2.0.0 3.88 41.27 45.15 NOTE
r-release-linux-x86_64 2.0.0 3.78 42.00 45.78 NOTE
r-release-macos-arm64 2.0.0 19.00 NOTE
r-release-macos-x86_64 2.0.0 31.00 NOTE
r-release-windows-x86_64 2.0.0 5.00 56.00 61.00 NOTE
r-oldrel-macos-arm64 2.0.0 19.00 NOTE
r-oldrel-windows-x86_64 2.0.0 8.00 68.00 76.00 NOTE

Check Details

Version: 2.0.0
Check: LazyData
Result: NOTE 'LazyData' is specified without a 'data' directory Flavors: r-devel-linux-x86_64-debian-clang, r-devel-linux-x86_64-debian-gcc, r-devel-linux-x86_64-fedora-clang, r-devel-linux-x86_64-fedora-gcc, r-prerel-macos-arm64, r-prerel-windows-x86_64, r-patched-linux-x86_64, r-release-linux-x86_64, r-release-macos-arm64, r-release-macos-x86_64, r-release-windows-x86_64, r-oldrel-macos-arm64, r-oldrel-windows-x86_64