CRAN Package Check Results for Package matricks

Last updated on 2024-07-17 08:55:16 CEST.

Flavor Version Tinstall Tcheck Ttotal Status Flags
r-devel-linux-x86_64-debian-clang 0.8.2 25.96 65.90 91.86 NOTE
r-devel-linux-x86_64-debian-gcc 0.8.2 16.67 48.92 65.59 NOTE
r-devel-linux-x86_64-fedora-clang 0.8.2 121.69 NOTE
r-devel-linux-x86_64-fedora-gcc 0.8.2 136.57 NOTE
r-devel-windows-x86_64 0.8.2 22.00 87.00 109.00 NOTE
r-patched-linux-x86_64 0.8.2 18.49 62.13 80.62 NOTE
r-release-linux-x86_64 0.8.2 18.24 61.19 79.43 NOTE
r-release-macos-arm64 0.8.2 41.00 NOTE
r-release-macos-x86_64 0.8.2 61.00 NOTE
r-release-windows-x86_64 0.8.2 22.00 87.00 109.00 NOTE
r-oldrel-macos-arm64 0.8.2 44.00 NOTE
r-oldrel-macos-x86_64 0.8.2 64.00 NOTE
r-oldrel-windows-x86_64 0.8.2 27.00 99.00 126.00 NOTE

Check Details

Version: 0.8.2
Check: LazyData
Result: NOTE 'LazyData' is specified without a 'data' directory Flavors: r-devel-linux-x86_64-debian-clang, r-devel-linux-x86_64-debian-gcc, r-devel-linux-x86_64-fedora-clang, r-devel-linux-x86_64-fedora-gcc, r-devel-windows-x86_64, r-patched-linux-x86_64, r-release-linux-x86_64, r-release-macos-arm64, r-release-macos-x86_64, r-release-windows-x86_64, r-oldrel-macos-arm64, r-oldrel-macos-x86_64, r-oldrel-windows-x86_64