CRAN Package Check Results for Package manifold

Last updated on 2025-01-20 09:49:11 CET.

Flavor Version Tinstall Tcheck Ttotal Status Flags
r-devel-linux-x86_64-debian-clang 0.1.1 41.06 66.95 108.01 NOTE
r-devel-linux-x86_64-debian-gcc 0.1.1 27.90 48.14 76.04 NOTE
r-devel-linux-x86_64-fedora-clang 0.1.1 185.69 NOTE
r-devel-linux-x86_64-fedora-gcc 0.1.1 195.84 NOTE
r-devel-windows-x86_64 0.1.1 41.00 97.00 138.00 NOTE
r-patched-linux-x86_64 0.1.1 41.77 63.21 104.98 NOTE
r-release-linux-x86_64 0.1.1 40.80 62.29 103.09 NOTE
r-release-macos-arm64 0.1.1 48.00 NOTE
r-release-macos-x86_64 0.1.1 73.00 NOTE
r-release-windows-x86_64 0.1.1 44.00 100.00 144.00 NOTE
r-oldrel-macos-arm64 0.1.1 56.00 NOTE
r-oldrel-macos-x86_64 0.1.1 93.00 NOTE
r-oldrel-windows-x86_64 0.1.1 43.00 8.00 51.00 ERROR

Check Details

Version: 0.1.1
Check: C++ specification
Result: NOTE Specified C++11: please drop specification unless essential Flavors: r-devel-linux-x86_64-debian-clang, r-devel-linux-x86_64-debian-gcc, r-devel-linux-x86_64-fedora-clang, r-devel-linux-x86_64-fedora-gcc, r-devel-windows-x86_64, r-patched-linux-x86_64, r-release-linux-x86_64, r-release-macos-arm64, r-release-macos-x86_64, r-release-windows-x86_64, r-oldrel-macos-arm64, r-oldrel-macos-x86_64

Version: 0.1.1
Check: whether package can be installed
Result: ERROR Installation failed. Flavor: r-oldrel-windows-x86_64