CRAN Package Check Results for Package maic

Last updated on 2024-04-21 02:55:51 CEST.

Flavor Version Tinstall Tcheck Ttotal Status Flags
r-devel-linux-x86_64-debian-clang 0.1.4 3.34 44.07 47.41 NOTE
r-devel-linux-x86_64-debian-gcc 0.1.4 2.68 32.92 35.60 NOTE
r-devel-linux-x86_64-fedora-clang 0.1.4 57.32 NOTE
r-devel-linux-x86_64-fedora-gcc 0.1.4 55.41 NOTE
r-prerel-macos-arm64 0.1.4 24.00 NOTE
r-prerel-windows-x86_64 0.1.4 5.00 56.00 61.00 NOTE
r-patched-linux-x86_64 0.1.4 10.85 41.74 52.59 NOTE
r-release-linux-x86_64 0.1.4 3.23 41.12 44.35 NOTE
r-release-macos-arm64 0.1.4 24.00 NOTE
r-release-macos-x86_64 0.1.4 31.00 NOTE
r-release-windows-x86_64 0.1.4 5.00 59.00 64.00 NOTE
r-oldrel-macos-arm64 0.1.4 23.00 OK
r-oldrel-windows-x86_64 0.1.4 6.00 66.00 72.00 OK

Check Details

Version: 0.1.4
Check: package subdirectories
Result: NOTE Problems with news in ‘NEWS.md’: No news entries found. Flavors: r-devel-linux-x86_64-debian-clang, r-devel-linux-x86_64-debian-gcc, r-devel-linux-x86_64-fedora-clang, r-devel-linux-x86_64-fedora-gcc, r-prerel-macos-arm64, r-prerel-windows-x86_64, r-patched-linux-x86_64, r-release-linux-x86_64, r-release-macos-arm64, r-release-macos-x86_64, r-release-windows-x86_64