CRAN Package Check Results for Package lpacf

Last updated on 2024-04-15 02:53:20 CEST.

Flavor Version Tinstall Tcheck Ttotal Status Flags
r-devel-linux-x86_64-debian-clang 1.0.1 4.35 40.18 44.53 OK
r-devel-linux-x86_64-debian-gcc 1.0.1 3.34 30.93 34.27 OK
r-devel-linux-x86_64-fedora-clang 1.0.1 54.86 NOTE
r-devel-linux-x86_64-fedora-gcc 1.0.1 53.11 OK
r-devel-windows-x86_64 1.0.1 5.00 53.00 58.00 OK
r-patched-linux-x86_64 1.0.1 7.04 39.29 46.33 OK
r-release-linux-x86_64 1.0.1 4.43 38.66 43.09 OK
r-release-macos-arm64 1.0.1 23.00 OK
r-release-macos-x86_64 1.0.1 52.00 OK
r-release-windows-x86_64 1.0.1 7.00 57.00 64.00 OK
r-oldrel-macos-arm64 1.0.1 21.00 OK
r-oldrel-windows-x86_64 1.0.1 7.00 59.00 66.00 OK

Check Details

Version: 1.0.1
Check: Rd cross-references
Result: NOTE Undeclared package ‘forecastLSW’ in Rd xrefs Flavor: r-devel-linux-x86_64-fedora-clang