Last updated on 2025-01-22 14:52:41 CET.
Flavor | Version | Tinstall | Tcheck | Ttotal | Status | Flags |
---|---|---|---|---|---|---|
r-devel-linux-x86_64-debian-clang | 2.9.8 | 104.28 | 52.77 | 157.05 | OK | |
r-devel-linux-x86_64-debian-gcc | 2.9.8 | 70.10 | 38.98 | 109.08 | OK | |
r-devel-linux-x86_64-fedora-clang | 2.9.8 | 332.61 | OK | |||
r-devel-linux-x86_64-fedora-gcc | 2.9.8 | 325.75 | OK | |||
r-devel-windows-x86_64 | 2.9.8 | 101.00 | 116.00 | 217.00 | OK | |
r-patched-linux-x86_64 | 2.9.8 | 100.08 | 50.68 | 150.76 | OK | |
r-release-linux-x86_64 | 2.9.8 | 98.62 | 51.13 | 149.75 | OK | |
r-release-macos-arm64 | 2.9.8 | 88.00 | OK | |||
r-release-macos-x86_64 | 2.9.8 | 120.00 | NOTE | |||
r-release-windows-x86_64 | 2.9.8 | 109.00 | 122.00 | 231.00 | OK | |
r-oldrel-macos-arm64 | 2.9.8 | 81.00 | OK | |||
r-oldrel-macos-x86_64 | 2.9.8 | 125.00 | NOTE | |||
r-oldrel-windows-x86_64 | 2.9.8 | 108.00 | 128.00 | 236.00 | OK |
Version: 2.9.8
Check: installed package size
Result: NOTE
installed size is 5.1Mb
sub-directories of 1Mb or more:
libs 4.7Mb
Flavors: r-release-macos-x86_64, r-oldrel-macos-x86_64