CRAN Package Check Results for Package linprog

Last updated on 2024-04-16 01:02:05 CEST.

Flavor Version Tinstall Tcheck Ttotal Status Flags
r-devel-linux-x86_64-debian-clang 0.9-4 3.73 28.76 32.49 NOTE
r-devel-linux-x86_64-debian-gcc 0.9-4 2.39 21.65 24.04 NOTE
r-devel-linux-x86_64-fedora-clang 0.9-4 40.80 NOTE
r-devel-linux-x86_64-fedora-gcc 0.9-4 38.27 NOTE
r-prerel-macos-arm64 0.9-4 15.00 NOTE
r-prerel-windows-x86_64 0.9-4 4.00 42.00 46.00 NOTE
r-patched-linux-x86_64 0.9-4 3.81 27.41 31.22 NOTE
r-release-linux-x86_64 0.9-4 3.63 27.31 30.94 NOTE
r-release-macos-arm64 0.9-4 19.00 NOTE
r-release-macos-x86_64 0.9-4 22.00 NOTE
r-release-windows-x86_64 0.9-4 4.00 45.00 49.00 NOTE
r-oldrel-macos-arm64 0.9-4 18.00 OK
r-oldrel-windows-x86_64 0.9-4 5.00 49.00 54.00 OK

Check Details

Version: 0.9-4
Check: Rd files
Result: NOTE checkRd: (-1) solveLP.Rd:119: Escaped LaTeX specials: \& Flavors: r-devel-linux-x86_64-debian-clang, r-devel-linux-x86_64-debian-gcc, r-devel-linux-x86_64-fedora-clang, r-devel-linux-x86_64-fedora-gcc, r-prerel-macos-arm64, r-prerel-windows-x86_64, r-patched-linux-x86_64, r-release-linux-x86_64, r-release-macos-arm64, r-release-macos-x86_64, r-release-windows-x86_64