Last updated on 2025-01-24 07:49:20 CET.
Flavor | Version | Tinstall | Tcheck | Ttotal | Status | Flags |
---|---|---|---|---|---|---|
r-devel-linux-x86_64-debian-clang | 0.4.0 | 4.76 | 48.37 | 53.13 | OK | |
r-devel-linux-x86_64-debian-gcc | 0.4.0 | 3.35 | 34.04 | 37.39 | NOTE | |
r-devel-linux-x86_64-fedora-clang | 0.4.0 | 84.19 | OK | |||
r-devel-linux-x86_64-fedora-gcc | 0.4.0 | 79.23 | OK | |||
r-devel-windows-x86_64 | 0.4.0 | 7.00 | 66.00 | 73.00 | OK | |
r-patched-linux-x86_64 | 0.4.0 | 4.85 | 44.62 | 49.47 | OK | |
r-release-linux-x86_64 | 0.4.0 | 4.51 | 44.54 | 49.05 | OK | |
r-release-macos-arm64 | 0.4.0 | 31.00 | OK | |||
r-release-macos-x86_64 | 0.4.0 | 56.00 | OK | |||
r-release-windows-x86_64 | 0.4.0 | 6.00 | 64.00 | 70.00 | OK | |
r-oldrel-macos-arm64 | 0.4.0 | 33.00 | OK | |||
r-oldrel-macos-x86_64 | 0.4.0 | 55.00 | OK | |||
r-oldrel-windows-x86_64 | 0.4.0 | 8.00 | 76.00 | 84.00 | OK |
Version: 0.4.0
Check: DESCRIPTION meta-information
Result: NOTE
Missing dependency on R >= 4.1.0 because package code uses the pipe
|> or function shorthand \(...) syntax added in R 4.1.0.
File(s) using such syntax:
‘kappa_inference.R’
Flavor: r-devel-linux-x86_64-debian-gcc