CRAN Package Check Results for Package ivmte

Last updated on 2024-07-24 16:53:51 CEST.

Flavor Version Tinstall Tcheck Ttotal Status Flags
r-devel-linux-x86_64-debian-clang 1.4.0 20.21 112.14 132.35 NOTE --no-vignettes
r-devel-linux-x86_64-debian-gcc 1.4.0 15.23 82.51 97.74 NOTE --no-vignettes
r-devel-linux-x86_64-fedora-clang 1.4.0 173.90 NOTE --no-vignettes
r-devel-linux-x86_64-fedora-gcc 1.4.0 152.21 NOTE --no-vignettes
r-devel-windows-x86_64 1.4.0 15.00 161.00 176.00 NOTE --no-vignettes
r-patched-linux-x86_64 1.4.0 17.92 107.04 124.96 NOTE --no-vignettes
r-release-linux-x86_64 1.4.0 19.47 107.96 127.43 NOTE --no-vignettes
r-release-macos-arm64 1.4.0 636.00 NOTE
r-release-macos-x86_64 1.4.0 1136.00 NOTE
r-release-windows-x86_64 1.4.0 15.00 160.00 175.00 NOTE --no-vignettes
r-oldrel-macos-arm64 1.4.0 670.00 NOTE
r-oldrel-macos-x86_64 1.4.0 1354.00 NOTE
r-oldrel-windows-x86_64 1.4.0 15.00 135.00 150.00 NOTE --no-vignettes

Check Details

Version: 1.4.0
Flags: --no-vignettes
Check: package dependencies
Result: NOTE Packages suggested but not available for checking: 'gurobi', 'cplexAPI' Flavors: r-devel-linux-x86_64-debian-clang, r-devel-linux-x86_64-debian-gcc, r-devel-linux-x86_64-fedora-clang, r-devel-linux-x86_64-fedora-gcc, r-devel-windows-x86_64, r-patched-linux-x86_64, r-release-linux-x86_64, r-release-windows-x86_64, r-oldrel-windows-x86_64

Version: 1.4.0
Flags: --no-vignettes
Check: Rd files
Result: NOTE checkRd: (-1) sTsls.Rd:17: Lost braces; missing escapes or markup? 17 | \item{pi}{the matrix E[XZ']E[ZZ']^{-1}} | ^ checkRd: (-1) sTslsSplines.Rd:20: Lost braces; missing escapes or markup? 20 | \item{pi}{matrix, corresponds to E[XZ']E[ZZ']^{-1}, the first stage | ^ Flavors: r-devel-linux-x86_64-debian-clang, r-devel-linux-x86_64-debian-gcc, r-devel-linux-x86_64-fedora-clang, r-devel-linux-x86_64-fedora-gcc, r-devel-windows-x86_64, r-patched-linux-x86_64, r-release-linux-x86_64, r-release-windows-x86_64

Version: 1.4.0
Check: package dependencies
Result: NOTE Packages suggested but not available for checking: 'gurobi', 'cplexAPI' Flavors: r-release-macos-arm64, r-release-macos-x86_64, r-oldrel-macos-arm64, r-oldrel-macos-x86_64

Version: 1.4.0
Check: Rd files
Result: NOTE checkRd: (-1) sTsls.Rd:17: Lost braces; missing escapes or markup? 17 | \item{pi}{the matrix E[XZ']E[ZZ']^{-1}} | ^ checkRd: (-1) sTslsSplines.Rd:20: Lost braces; missing escapes or markup? 20 | \item{pi}{matrix, corresponds to E[XZ']E[ZZ']^{-1}, the first stage | ^ Flavors: r-release-macos-arm64, r-release-macos-x86_64