CRAN Package Check Results for Package ivdoctr

Last updated on 2024-07-16 16:52:52 CEST.

Flavor Version Tinstall Tcheck Ttotal Status Flags
r-devel-linux-x86_64-debian-clang 1.0.1 41.54 122.84 164.38 OK
r-devel-linux-x86_64-debian-gcc 1.0.1 28.37 89.58 117.95 OK
r-devel-linux-x86_64-fedora-clang 1.0.1 218.45 NOTE
r-devel-linux-x86_64-fedora-gcc 1.0.1 217.64 NOTE
r-devel-windows-x86_64 1.0.1 36.00 133.00 169.00 OK
r-patched-linux-x86_64 1.0.1 35.80 115.79 151.59 OK
r-release-linux-x86_64 1.0.1 35.71 113.58 149.29 OK
r-release-macos-arm64 1.0.1 61.00 OK
r-release-macos-x86_64 1.0.1 89.00 OK
r-release-windows-x86_64 1.0.1 36.00 130.00 166.00 OK
r-oldrel-macos-arm64 1.0.1 68.00 OK
r-oldrel-macos-x86_64 1.0.1 103.00 OK
r-oldrel-windows-x86_64 1.0.1 46.00 158.00 204.00 OK

Check Details

Version: 1.0.1
Check: data for non-ASCII characters
Result: NOTE Note: found 58 marked UTF-8 strings Flavors: r-devel-linux-x86_64-fedora-clang, r-devel-linux-x86_64-fedora-gcc