Last updated on 2025-01-22 14:52:39 CET.
Flavor | Version | Tinstall | Tcheck | Ttotal | Status | Flags |
---|---|---|---|---|---|---|
r-devel-linux-x86_64-debian-clang | 0.8.0 | 15.14 | 123.84 | 138.98 | OK | |
r-devel-linux-x86_64-debian-gcc | 0.8.0 | 10.88 | 82.44 | 93.32 | OK | |
r-devel-linux-x86_64-fedora-clang | 0.8.0 | 202.65 | OK | |||
r-devel-linux-x86_64-fedora-gcc | 0.8.0 | 203.02 | OK | |||
r-devel-windows-x86_64 | 0.8.0 | 16.00 | 124.00 | 140.00 | OK | |
r-patched-linux-x86_64 | 0.8.0 | 14.34 | 123.58 | 137.92 | NOTE | |
r-release-linux-x86_64 | 0.8.0 | 15.43 | 124.70 | 140.13 | NOTE | |
r-release-macos-arm64 | 0.8.0 | 61.00 | NOTE | |||
r-release-macos-x86_64 | 0.8.0 | 121.00 | NOTE | |||
r-release-windows-x86_64 | 0.8.0 | 18.00 | 140.00 | 158.00 | NOTE | |
r-oldrel-macos-arm64 | 0.8.0 | 67.00 | NOTE | |||
r-oldrel-macos-x86_64 | 0.8.0 | 119.00 | NOTE | |||
r-oldrel-windows-x86_64 | 0.8.0 | 20.00 | 164.00 | 184.00 | NOTE |
Version: 0.8.0
Check: LazyData
Result: NOTE
'LazyData' is specified without a 'data' directory
Flavors: r-patched-linux-x86_64, r-release-linux-x86_64, r-release-macos-arm64, r-release-macos-x86_64, r-release-windows-x86_64, r-oldrel-macos-arm64, r-oldrel-macos-x86_64, r-oldrel-windows-x86_64