CRAN Package Check Results for Package installr

Last updated on 2024-05-28 08:54:36 CEST.

Flavor Version Tinstall Tcheck Ttotal Status Flags
r-devel-linux-x86_64-debian-clang 0.23.4 5.43 64.07 69.50 NOTE
r-devel-linux-x86_64-debian-gcc 0.23.4 5.69 47.23 52.92 NOTE
r-devel-linux-x86_64-fedora-clang 0.23.4 85.76 NOTE
r-devel-linux-x86_64-fedora-gcc 0.23.4 92.24 NOTE
r-devel-windows-x86_64 0.23.4 7.00 82.00 89.00 NOTE
r-patched-linux-x86_64 0.23.4 8.76 60.38 69.14 NOTE
r-release-linux-x86_64 0.23.4 7.30 59.96 67.26 NOTE
r-release-macos-arm64 0.23.4 35.00 NOTE
r-release-windows-x86_64 0.23.4 7.00 81.00 88.00 NOTE
r-oldrel-macos-arm64 0.23.4 34.00 OK
r-oldrel-macos-x86_64 0.23.4 48.00 OK
r-oldrel-windows-x86_64 0.23.4 9.00 93.00 102.00 OK

Check Details

Version: 0.23.4
Check: Rd files
Result: NOTE checkRd: (-1) ask.user.yn.question.Rd:44: Lost braces; missing escapes or markup? 44 | menu in the {utils} package, yesno in the {devtools} package. | ^ checkRd: (-1) ask.user.yn.question.Rd:44: Lost braces; missing escapes or markup? 44 | menu in the {utils} package, yesno in the {devtools} package. | ^ checkRd: (-1) install.FFmpeg.Rd:25: Lost braces; missing escapes or markup? 25 | This function is useful for saveVideo() in the {animation} package. | ^ checkRd: (-1) install.SWFTools.Rd:27: Lost braces; missing escapes or markup? 27 | This function is useful for saveSWF() in the {animation} package. | ^ checkRd: (-1) os.shutdown.Rd:25: Lost braces; missing escapes or markup? 25 | This function is a modified version of Yihui's shutdown function from the {fun} package. | ^ Flavors: r-devel-linux-x86_64-debian-clang, r-devel-linux-x86_64-debian-gcc, r-devel-linux-x86_64-fedora-clang, r-devel-linux-x86_64-fedora-gcc, r-devel-windows-x86_64, r-patched-linux-x86_64, r-release-linux-x86_64, r-release-macos-arm64, r-release-windows-x86_64

Version: 0.23.4
Check: for non-standard things in the check directory
Result: NOTE Found the following files/directories: ‘pkgbuild’ Flavor: r-devel-linux-x86_64-fedora-gcc