CRAN Package Check Results for Package infinitefactor

Last updated on 2024-07-15 16:56:23 CEST.

Flavor Version Tinstall Tcheck Ttotal Status Flags
r-devel-linux-x86_64-debian-clang 1.0 63.49 74.73 138.22 NOTE
r-devel-linux-x86_64-debian-gcc 1.0 43.46 54.52 97.98 NOTE
r-devel-linux-x86_64-fedora-clang 1.0 193.17 NOTE
r-devel-linux-x86_64-fedora-gcc 1.0 191.15 NOTE
r-devel-windows-x86_64 1.0 54.00 94.00 148.00 NOTE
r-patched-linux-x86_64 1.0 50.75 69.43 120.18 NOTE
r-release-linux-x86_64 1.0 60.67 69.56 130.23 NOTE
r-release-macos-arm64 1.0 46.00 NOTE
r-release-macos-x86_64 1.0 65.00 NOTE
r-release-windows-x86_64 1.0 53.00 95.00 148.00 NOTE
r-oldrel-macos-arm64 1.0 54.00 NOTE
r-oldrel-macos-x86_64 1.0 84.00 NOTE
r-oldrel-windows-x86_64 1.0 63.00 113.00 176.00 NOTE

Check Details

Version: 1.0
Check: C++ specification
Result: NOTE Specified C++11: please drop specification unless essential Flavors: r-devel-linux-x86_64-debian-clang, r-devel-linux-x86_64-debian-gcc, r-devel-linux-x86_64-fedora-clang, r-devel-linux-x86_64-fedora-gcc, r-devel-windows-x86_64, r-patched-linux-x86_64, r-release-linux-x86_64, r-release-macos-arm64, r-release-macos-x86_64, r-release-windows-x86_64, r-oldrel-macos-arm64, r-oldrel-macos-x86_64, r-oldrel-windows-x86_64