CRAN Package Check Results for Package impactflu

Last updated on 2024-07-13 00:55:27 CEST.

Flavor Version Tinstall Tcheck Ttotal Status Flags
r-devel-linux-x86_64-debian-clang 0.1.0 35.36 55.60 90.96 NOTE
r-devel-linux-x86_64-debian-gcc 0.1.0 23.51 41.86 65.37 NOTE
r-devel-linux-x86_64-fedora-clang 0.1.0 127.17 NOTE
r-devel-linux-x86_64-fedora-gcc 0.1.0 122.27 NOTE
r-devel-windows-x86_64 0.1.0 30.00 77.00 107.00 NOTE
r-patched-linux-x86_64 0.1.0 31.49 52.62 84.11 NOTE
r-release-linux-x86_64 0.1.0 27.49 52.84 80.33 NOTE
r-release-macos-arm64 0.1.0 31.00 NOTE
r-release-macos-x86_64 0.1.0 47.00 NOTE
r-release-windows-x86_64 0.1.0 30.00 77.00 107.00 NOTE
r-oldrel-macos-arm64 0.1.0 35.00 NOTE
r-oldrel-macos-x86_64 0.1.0 57.00 NOTE
r-oldrel-windows-x86_64 0.1.0 35.00 91.00 126.00 NOTE

Check Details

Version: 0.1.0
Check: LazyData
Result: NOTE 'LazyData' is specified without a 'data' directory Flavors: r-devel-linux-x86_64-debian-clang, r-devel-linux-x86_64-debian-gcc, r-devel-linux-x86_64-fedora-clang, r-devel-linux-x86_64-fedora-gcc, r-devel-windows-x86_64, r-patched-linux-x86_64, r-release-linux-x86_64, r-release-macos-arm64, r-release-macos-x86_64, r-release-windows-x86_64, r-oldrel-macos-arm64, r-oldrel-macos-x86_64, r-oldrel-windows-x86_64