CRAN Package Check Results for Package impactflu

Last updated on 2025-01-17 01:48:19 CET.

Flavor Version Tinstall Tcheck Ttotal Status Flags
r-devel-linux-x86_64-debian-clang 0.1.0 20.78 43.41 64.19 OK
r-devel-linux-x86_64-debian-gcc 0.1.0 14.55 31.88 46.43 OK
r-devel-linux-x86_64-fedora-clang 0.1.0 108.74 OK
r-devel-linux-x86_64-fedora-gcc 0.1.0 108.67 OK
r-devel-windows-x86_64 0.1.0 22.00 77.00 99.00 OK
r-patched-linux-x86_64 0.1.0 18.58 39.21 57.79 NOTE
r-release-linux-x86_64 0.1.0 19.54 40.39 59.93 NOTE
r-release-macos-arm64 0.1.0 31.00 NOTE
r-release-macos-x86_64 0.1.0 47.00 NOTE
r-release-windows-x86_64 0.1.0 24.00 80.00 104.00 NOTE
r-oldrel-macos-arm64 0.1.0 35.00 NOTE
r-oldrel-macos-x86_64 0.1.0 57.00 NOTE
r-oldrel-windows-x86_64 0.1.0 27.00 88.00 115.00 NOTE

Check Details

Version: 0.1.0
Check: LazyData
Result: NOTE 'LazyData' is specified without a 'data' directory Flavors: r-patched-linux-x86_64, r-release-linux-x86_64, r-release-macos-arm64, r-release-macos-x86_64, r-release-windows-x86_64, r-oldrel-macos-arm64, r-oldrel-macos-x86_64, r-oldrel-windows-x86_64