Last updated on 2025-01-20 09:49:09 CET.
Flavor | Version | Tinstall | Tcheck | Ttotal | Status | Flags |
---|---|---|---|---|---|---|
r-devel-linux-x86_64-debian-clang | 0.1 | 28.89 | 32.77 | 61.66 | NOTE | |
r-devel-linux-x86_64-debian-gcc | 0.1 | 16.62 | 28.14 | 44.76 | NOTE | |
r-devel-linux-x86_64-fedora-clang | 0.1 | 115.01 | NOTE | |||
r-devel-linux-x86_64-fedora-gcc | 0.1 | 105.15 | NOTE | |||
r-devel-windows-x86_64 | 0.1 | 28.00 | 71.00 | 99.00 | NOTE | |
r-patched-linux-x86_64 | 0.1 | 25.83 | 32.69 | 58.52 | NOTE | |
r-release-linux-x86_64 | 0.1 | 24.78 | 32.42 | 57.20 | NOTE | |
r-release-macos-arm64 | 0.1 | 29.00 | NOTE | |||
r-release-macos-x86_64 | 0.1 | 40.00 | NOTE | |||
r-release-windows-x86_64 | 0.1 | 29.00 | 73.00 | 102.00 | NOTE | |
r-oldrel-macos-arm64 | 0.1 | 36.00 | NOTE | |||
r-oldrel-macos-x86_64 | 0.1 | 56.00 | NOTE | |||
r-oldrel-windows-x86_64 | 0.1 | 36.00 | 76.00 | 112.00 | NOTE |
Version: 0.1
Check: C++ specification
Result: NOTE
Specified C++11: please drop specification unless essential
Flavors: r-devel-linux-x86_64-debian-clang, r-devel-linux-x86_64-debian-gcc, r-devel-linux-x86_64-fedora-clang, r-devel-linux-x86_64-fedora-gcc, r-devel-windows-x86_64, r-patched-linux-x86_64, r-release-linux-x86_64, r-release-macos-arm64, r-release-macos-x86_64, r-release-windows-x86_64, r-oldrel-macos-arm64, r-oldrel-macos-x86_64, r-oldrel-windows-x86_64