CRAN Package Check Results for Package idmc

Last updated on 2024-04-24 00:55:46 CEST.

Flavor Version Tinstall Tcheck Ttotal Status Flags
r-devel-linux-x86_64-debian-clang 0.3.0 4.87 43.69 48.56 OK
r-devel-linux-x86_64-debian-gcc 0.3.0 3.49 33.61 37.10 OK
r-devel-linux-x86_64-fedora-clang 0.3.0 63.52 NOTE
r-devel-linux-x86_64-fedora-gcc 0.3.0 71.98 OK
r-prerel-macos-arm64 0.3.0 31.00 OK
r-prerel-windows-x86_64 0.3.0 7.00 53.00 60.00 OK
r-patched-linux-x86_64 0.3.0 5.27 43.38 48.65 OK
r-release-linux-x86_64 0.3.0 3.15 41.77 44.92 OK
r-release-macos-arm64 0.3.0 30.00 OK
r-release-macos-x86_64 0.3.0 49.00 OK
r-release-windows-x86_64 0.3.0 7.00 57.00 64.00 OK
r-oldrel-macos-arm64 0.3.0 25.00 OK
r-oldrel-windows-x86_64 0.3.0 7.00 63.00 70.00 OK

Check Details

Version: 0.3.0
Check: Rd cross-references
Result: NOTE Undeclared package ‘tibble’ in Rd xrefs Flavor: r-devel-linux-x86_64-fedora-clang