CRAN Package Check Results for Package hermite

Last updated on 2024-04-23 16:58:17 CEST.

Flavor Version Tinstall Tcheck Ttotal Status Flags
r-devel-linux-x86_64-debian-clang 1.1.2 3.80 35.65 39.45 NOTE
r-devel-linux-x86_64-debian-gcc 1.1.2 2.77 27.98 30.75 NOTE
r-devel-linux-x86_64-fedora-clang 1.1.2 49.65 NOTE
r-devel-linux-x86_64-fedora-gcc 1.1.2 47.52 NOTE
r-prerel-macos-arm64 1.1.2 20.00 NOTE
r-prerel-windows-x86_64 1.1.2 4.00 55.00 59.00 NOTE
r-patched-linux-x86_64 1.1.2 3.44 35.63 39.07 NOTE
r-release-linux-x86_64 1.1.2 2.63 35.05 37.68 OK
r-release-macos-arm64 1.1.2 21.00 OK
r-release-macos-x86_64 1.1.2 28.00 OK
r-release-windows-x86_64 1.1.2 5.00 55.00 60.00 OK
r-oldrel-macos-arm64 1.1.2 21.00 OK
r-oldrel-windows-x86_64 1.1.2 5.00 52.00 57.00 OK

Check Details

Version: 1.1.2
Check: Rd files
Result: NOTE checkRd: (-1) glm.hermite.Rd:46-48: Lost braces in \itemize; \value handles \item{}{} directly checkRd: (-1) glm.hermite.Rd:49-51: Lost braces in \itemize; \value handles \item{}{} directly checkRd: (-1) glm.hermite.Rd:52-54: Lost braces in \itemize; \value handles \item{}{} directly checkRd: (-1) glm.hermite.Rd:55-58: Lost braces in \itemize; \value handles \item{}{} directly checkRd: (-1) glm.hermite.Rd:59-60: Lost braces in \itemize; \value handles \item{}{} directly checkRd: (-1) glm.hermite.Rd:61-65: Lost braces in \itemize; \value handles \item{}{} directly checkRd: (-1) glm.hermite.Rd:66-67: Lost braces in \itemize; \value handles \item{}{} directly checkRd: (-1) glm.hermite.Rd:68-69: Lost braces in \itemize; \value handles \item{}{} directly checkRd: (-1) phermite.Rd:38: Lost braces; missing escapes or markup? 38 | {b} and \code{m} to be lower (or greater) than \code{q}. | ^ Flavors: r-devel-linux-x86_64-debian-clang, r-devel-linux-x86_64-debian-gcc, r-devel-linux-x86_64-fedora-clang, r-devel-linux-x86_64-fedora-gcc, r-prerel-macos-arm64, r-prerel-windows-x86_64, r-patched-linux-x86_64