CRAN Package Check Results for Package grpnet

Last updated on 2024-04-19 08:54:42 CEST.

Flavor Version Tinstall Tcheck Ttotal Status Flags
r-devel-linux-x86_64-debian-clang 0.3 24.04 67.05 91.09 OK
r-devel-linux-x86_64-debian-gcc 0.3 OK
r-devel-linux-x86_64-fedora-clang 0.3 112.13 NOTE
r-devel-linux-x86_64-fedora-gcc 0.3 118.23 OK
r-prerel-macos-arm64 0.3 41.00 OK
r-prerel-macos-x86_64 0.3 81.00 OK
r-prerel-windows-x86_64 0.3 25.00 70.00 95.00 OK
r-patched-linux-x86_64 0.3 25.84 63.33 89.17 OK
r-release-linux-x86_64 0.3 26.92 61.79 88.71 OK
r-release-macos-arm64 0.3 48.00 OK
r-release-macos-x86_64 0.3 80.00 OK
r-release-windows-x86_64 0.3 30.00 79.00 109.00 OK
r-oldrel-macos-arm64 0.3 53.00 OK
r-oldrel-windows-x86_64 0.3 28.00 80.00 108.00 OK

Check Details

Version: 0.3
Check: installed package size
Result: NOTE installed size is 10.3Mb sub-directories of 1Mb or more: libs 10.0Mb Flavor: r-devel-linux-x86_64-fedora-clang