Last updated on 2025-01-21 11:48:24 CET.
Flavor | Version | Tinstall | Tcheck | Ttotal | Status | Flags |
---|---|---|---|---|---|---|
r-devel-linux-x86_64-debian-clang | 2.2.0 | 15.51 | 78.59 | 94.10 | OK | |
r-devel-linux-x86_64-debian-gcc | 2.2.0 | 10.38 | 53.02 | 63.40 | OK | |
r-devel-linux-x86_64-fedora-clang | 2.2.0 | 167.17 | OK | |||
r-devel-linux-x86_64-fedora-gcc | 2.2.0 | 139.77 | OK | |||
r-devel-windows-x86_64 | 2.2.0 | 15.00 | 92.00 | 107.00 | OK | |
r-patched-linux-x86_64 | 2.2.0 | 12.95 | 74.24 | 87.19 | OK | |
r-release-linux-x86_64 | 2.2.0 | 12.77 | 73.35 | 86.12 | OK | |
r-release-macos-arm64 | 2.2.0 | 41.00 | NOTE | |||
r-release-macos-x86_64 | 2.2.0 | 78.00 | NOTE | |||
r-release-windows-x86_64 | 2.2.0 | 15.00 | 91.00 | 106.00 | NOTE | |
r-oldrel-macos-arm64 | 2.2.0 | 52.00 | NOTE | |||
r-oldrel-macos-x86_64 | 2.2.0 | 95.00 | NOTE | |||
r-oldrel-windows-x86_64 | 2.2.0 | 21.00 | 104.00 | 125.00 | NOTE |
Version: 2.2.0
Check: installed package size
Result: NOTE
installed size is 6.0Mb
sub-directories of 1Mb or more:
extdata 5.0Mb
Flavors: r-release-macos-arm64, r-release-macos-x86_64, r-release-windows-x86_64, r-oldrel-macos-arm64, r-oldrel-macos-x86_64, r-oldrel-windows-x86_64