CRAN Package Check Results for Package gridSVG

Last updated on 2024-05-21 00:57:12 CEST.

Flavor Version Tinstall Tcheck Ttotal Status Flags
r-devel-linux-x86_64-debian-clang 1.7-5 14.92 162.21 177.13 NOTE
r-devel-linux-x86_64-debian-gcc 1.7-5 11.68 116.43 128.11 NOTE
r-devel-linux-x86_64-fedora-clang 1.7-5 215.27 NOTE
r-devel-linux-x86_64-fedora-gcc 1.7-5 216.33 NOTE
r-devel-windows-x86_64 1.7-5 10.00 158.00 168.00 NOTE
r-patched-linux-x86_64 1.7-5 12.86 152.04 164.90 NOTE
r-release-linux-x86_64 1.7-5 12.79 149.67 162.46 NOTE
r-release-macos-arm64 1.7-5 64.00 NOTE
r-release-windows-x86_64 1.7-5 11.00 163.00 174.00 NOTE
r-oldrel-macos-arm64 1.7-5 69.00 OK
r-oldrel-macos-x86_64 1.7-5 116.00 OK
r-oldrel-windows-x86_64 1.7-5 15.00 183.00 198.00 OK

Check Details

Version: 1.7-5
Check: Rd files
Result: NOTE checkRd: (-1) NEWS.Rd:669: Lost braces; missing escapes or markup? 669 | parameters are rounded so they belong to one of {0, 0.5, 1}. (Simon) | ^ checkRd: (-1) gradients.Rd:96-99: Lost braces in \itemize; meant \describe ? checkRd: (-1) gradients.Rd:100-103: Lost braces in \itemize; meant \describe ? checkRd: (-1) gradients.Rd:104-107: Lost braces in \itemize; meant \describe ? Flavors: r-devel-linux-x86_64-debian-clang, r-devel-linux-x86_64-debian-gcc, r-devel-linux-x86_64-fedora-clang, r-devel-linux-x86_64-fedora-gcc, r-devel-windows-x86_64, r-patched-linux-x86_64, r-release-linux-x86_64, r-release-macos-arm64, r-release-windows-x86_64