CRAN Package Check Results for Package grapesAgri1

Last updated on 2024-04-15 10:02:04 CEST.

Flavor Version Tinstall Tcheck Ttotal Status Flags
r-devel-linux-x86_64-debian-clang 1.1.0 2.39 30.06 32.45 NOTE
r-devel-linux-x86_64-debian-gcc 1.1.0 2.72 22.85 25.57 NOTE
r-devel-linux-x86_64-fedora-clang 1.1.0 41.30 NOTE
r-devel-linux-x86_64-fedora-gcc 1.1.0 38.54 NOTE
r-prerel-linux-x86_64 1.1.0 3.69 28.75 32.44 NOTE
r-prerel-macos-arm64 1.1.0 20.00 NOTE
r-prerel-windows-x86_64 1.1.0 5.00 50.00 55.00 NOTE
r-release-linux-x86_64 1.1.0 2.63 28.53 31.16 NOTE
r-release-macos-arm64 1.1.0 21.00 NOTE
r-release-macos-x86_64 1.1.0 24.00 NOTE
r-release-windows-x86_64 1.1.0 7.00 46.00 53.00 NOTE
r-oldrel-macos-arm64 1.1.0 19.00 NOTE
r-oldrel-windows-x86_64 1.1.0 6.00 51.00 57.00 OK

Check Details

Version: 1.1.0
Check: Rd files
Result: NOTE checkRd: (-1) corrApp.Rd:40: Escaped LaTeX specials: \& checkRd: (-1) crdApp.Rd:46: Escaped LaTeX specials: \& checkRd: (-1) descApp.Rd:55: Escaped LaTeX specials: \& checkRd: (-1) layoutApp.Rd:50: Escaped LaTeX specials: \& checkRd: (-1) rbdApp.Rd:46: Escaped LaTeX specials: \& checkRd: (-1) ttApp.Rd:43: Escaped LaTeX specials: \& Flavors: r-devel-linux-x86_64-debian-clang, r-devel-linux-x86_64-debian-gcc, r-devel-linux-x86_64-fedora-clang, r-devel-linux-x86_64-fedora-gcc, r-prerel-linux-x86_64, r-prerel-macos-arm64, r-prerel-windows-x86_64, r-release-linux-x86_64, r-release-macos-arm64, r-release-macos-x86_64, r-release-windows-x86_64

Version: 1.1.0
Check: package dependencies
Result: NOTE Imports includes 21 non-default packages. Importing from so many packages makes the package vulnerable to any of them becoming unavailable. Move as many as possible to Suggests and use conditionally. Flavor: r-devel-linux-x86_64-fedora-clang

Version: 1.1.0
Check: dependencies in R code
Result: NOTE Namespaces in Imports field not imported from: ‘Hmisc’ ‘PairedData’ ‘RColorBrewer’ ‘agricolae’ ‘corrplot’ ‘desplot’ ‘dplyr’ ‘ggplot2’ ‘ggpubr’ ‘gridGraphics’ ‘gtools’ ‘kableExtra’ ‘knitr’ ‘magrittr’ ‘pastecs’ ‘reshape2’ ‘rmarkdown’ ‘shinyWidgets’ ‘summarytools’ All declared Imports should be used. Flavors: r-devel-linux-x86_64-fedora-clang, r-devel-linux-x86_64-fedora-gcc, r-oldrel-macos-arm64