CRAN Package Check Results for Package googleway

Last updated on 2024-05-26 15:49:51 CEST.

Flavor Version Tinstall Tcheck Ttotal Status Flags
r-devel-linux-x86_64-debian-clang 2.7.8 11.17 92.64 103.81 NOTE
r-devel-linux-x86_64-debian-gcc 2.7.8 7.64 67.70 75.34 NOTE
r-devel-linux-x86_64-fedora-clang 2.7.8 122.83 NOTE
r-devel-linux-x86_64-fedora-gcc 2.7.8 135.17 NOTE
r-devel-windows-x86_64 2.7.8 10.00 97.00 107.00 NOTE
r-patched-linux-x86_64 2.7.8 10.66 88.11 98.77 NOTE
r-release-linux-x86_64 2.7.8 8.19 84.90 93.09 NOTE
r-release-macos-arm64 2.7.8 54.00 NOTE
r-release-windows-x86_64 2.7.8 11.00 98.00 109.00 NOTE
r-oldrel-macos-arm64 2.7.8 54.00 OK
r-oldrel-macos-x86_64 2.7.8 96.00 OK
r-oldrel-windows-x86_64 2.7.8 13.00 108.00 121.00 OK

Check Details

Version: 2.7.8
Check: Rd files
Result: NOTE checkRd: (-1) google_find_place.Rd:67: Lost braces in \itemize; meant \describe ? checkRd: (-1) google_find_place.Rd:68: Lost braces in \itemize; meant \describe ? checkRd: (-1) google_find_place.Rd:69: Lost braces in \itemize; meant \describe ? checkRd: (-1) google_map.Rd:54: Lost braces; missing escapes or markup? 54 | of `{sf}` objects).} | ^ Flavors: r-devel-linux-x86_64-debian-clang, r-devel-linux-x86_64-debian-gcc, r-devel-linux-x86_64-fedora-clang, r-devel-linux-x86_64-fedora-gcc, r-devel-windows-x86_64, r-patched-linux-x86_64, r-release-linux-x86_64, r-release-macos-arm64, r-release-windows-x86_64