Last updated on 2025-04-29 12:52:37 CEST.
Flavor | Version | Tinstall | Tcheck | Ttotal | Status | Flags |
---|---|---|---|---|---|---|
r-devel-linux-x86_64-debian-clang | 2.1.4 | 13.84 | 349.90 | 363.74 | NOTE | |
r-devel-linux-x86_64-debian-gcc | 2.1.4 | 10.14 | 210.64 | 220.78 | OK | |
r-devel-linux-x86_64-fedora-clang | 2.1.4 | 592.22 | OK | |||
r-devel-linux-x86_64-fedora-gcc | 2.1.4 | 570.20 | OK | |||
r-devel-windows-x86_64 | 2.1.4 | 16.00 | 365.00 | 381.00 | OK | |
r-patched-linux-x86_64 | 2.1.4 | 17.00 | 331.81 | 348.81 | OK | |
r-release-linux-x86_64 | 2.1.4 | 11.50 | 320.14 | 331.64 | OK | |
r-release-macos-arm64 | 2.1.4 | 177.00 | OK | |||
r-release-macos-x86_64 | 2.1.4 | 414.00 | OK | |||
r-release-windows-x86_64 | 2.1.4 | 16.00 | 367.00 | 383.00 | OK | |
r-oldrel-macos-arm64 | 2.1.4 | 146.00 | OK | |||
r-oldrel-macos-x86_64 | 2.1.4 | 381.00 | OK | |||
r-oldrel-windows-x86_64 | 2.1.4 | 19.00 | 495.00 | 514.00 | OK |
Version: 2.1.4
Check: examples
Result: NOTE
Examples with CPU (user + system) or elapsed time > 5s
user system elapsed
predict.gsmvar 4.4 0.027 5.044
Flavor: r-devel-linux-x86_64-debian-clang